Last updated on 2021-01-27 23:49:29 CET.
Flavor | Version | Tinstall | Tcheck | Ttotal | Status | Flags |
---|---|---|---|---|---|---|
r-devel-linux-x86_64-debian-clang | 0.6.3 | 31.44 | 134.81 | 166.25 | OK | |
r-devel-linux-x86_64-debian-gcc | 0.6.3 | OK | ||||
r-devel-linux-x86_64-fedora-clang | 0.6.3 | 205.89 | NOTE | |||
r-devel-linux-x86_64-fedora-gcc | 0.6.3 | 205.10 | NOTE | |||
r-devel-windows-ix86+x86_64 | 0.6.3 | 51.00 | 228.00 | 279.00 | OK | |
r-patched-linux-x86_64 | 0.6.3 | 26.82 | 129.19 | 156.01 | OK | |
r-patched-solaris-x86 | 0.6.3 | 281.10 | NOTE | |||
r-release-linux-x86_64 | 0.6.3 | 27.25 | 131.36 | 158.61 | OK | |
r-release-macos-x86_64 | 0.6.3 | NOTE | ||||
r-release-windows-ix86+x86_64 | 0.6.3 | 54.00 | 232.00 | 286.00 | OK | |
r-oldrel-macos-x86_64 | 0.6.3 | NOTE | ||||
r-oldrel-windows-ix86+x86_64 | 0.6.3 | 48.00 | 248.00 | 296.00 | OK |
Version: 0.6.3
Check: dependencies in R code
Result: NOTE
Namespace in Imports field not imported from: ‘RTriangle’
All declared Imports should be used.
Flavors: r-devel-linux-x86_64-fedora-clang, r-devel-linux-x86_64-fedora-gcc, r-patched-solaris-x86, r-release-macos-x86_64, r-oldrel-macos-x86_64
Version: 0.6.3
Check: package dependencies
Result: NOTE
Package suggested but not available for checking: ‘gWidgets2RGtk2’
Flavor: r-oldrel-macos-x86_64