CRAN Package Check Results for Package reticulate

Last updated on 2022-10-01 23:55:22 CEST.

Flavor Version Tinstall Tcheck Ttotal Status Flags
r-devel-linux-x86_64-debian-clang 1.26 38.60 144.85 183.45 OK
r-devel-linux-x86_64-debian-gcc 1.26 33.48 109.59 143.07 OK
r-devel-linux-x86_64-fedora-clang 1.26 252.40 OK
r-devel-linux-x86_64-fedora-gcc 1.26 235.45 OK
r-devel-windows-x86_64 1.26 211.00 226.00 437.00 OK
r-patched-linux-x86_64 1.26 36.83 139.79 176.62 OK
r-release-linux-x86_64 1.26 32.45 138.48 170.93 OK
r-release-macos-arm64 1.26 57.00 NOTE
r-release-macos-x86_64 1.26 83.00 NOTE
r-release-windows-x86_64 1.26 266.00 229.00 495.00 OK
r-oldrel-macos-arm64 1.26 55.00 NOTE
r-oldrel-macos-x86_64 1.26 100.00 NOTE
r-oldrel-windows-ix86+x86_64 1.26 99.00 266.00 365.00 OK

Check Details

Version: 1.26
Check: installed package size
Result: NOTE
     installed size is 5.5Mb
     sub-directories of 1Mb or more:
     libs 3.3Mb
Flavors: r-release-macos-arm64, r-release-macos-x86_64, r-oldrel-macos-arm64, r-oldrel-macos-x86_64