CRAN Package Check Results for Package restrictedMVN

Last updated on 2022-07-05 23:55:50 CEST.

Flavor Version Tinstall Tcheck Ttotal Status Flags
r-devel-linux-x86_64-debian-clang 1.0 2.26 34.83 37.09 OK
r-devel-linux-x86_64-debian-gcc 1.0 1.89 25.23 27.12 OK
r-devel-linux-x86_64-fedora-clang 1.0 55.60 NOTE
r-devel-linux-x86_64-fedora-gcc 1.0 53.59 NOTE
r-devel-windows-x86_64 1.0 23.00 56.00 79.00 OK
r-patched-linux-x86_64 1.0 2.51 33.79 36.30 OK
r-release-linux-x86_64 1.0 2.76 34.26 37.02 OK
r-release-macos-arm64 1.0 16.00 OK
r-release-macos-x86_64 1.0 26.00 OK
r-release-windows-x86_64 1.0 27.00 59.00 86.00 OK
r-oldrel-macos-arm64 1.0 19.00 OK
r-oldrel-macos-x86_64 1.0 31.00 OK
r-oldrel-windows-ix86+x86_64 1.0 9.00 69.00 78.00 OK

Check Details

Version: 1.0
Check: compiled code
Result: NOTE
    File ‘restrictedMVN/libs/restrictedMVN.so’:
     Found no calls to: ‘R_registerRoutines’, ‘R_useDynamicSymbols’
    
    It is good practice to register native routines and to disable symbol
    search.
    
    See ‘Writing portable packages’ in the ‘Writing R Extensions’ manual.
Flavors: r-devel-linux-x86_64-fedora-clang, r-devel-linux-x86_64-fedora-gcc