CRAN Package Check Results for Package reshape

Last updated on 2022-10-02 23:51:38 CEST.

Flavor Version Tinstall Tcheck Ttotal Status Flags
r-devel-linux-x86_64-debian-clang 0.8.9 2.96 40.20 43.16 NOTE
r-devel-linux-x86_64-debian-gcc 0.8.9 3.54 31.12 34.66 NOTE
r-devel-linux-x86_64-fedora-clang 0.8.9 67.12 NOTE
r-devel-linux-x86_64-fedora-gcc 0.8.9 64.09 NOTE
r-devel-windows-x86_64 0.8.9 29.00 74.00 103.00 NOTE
r-patched-linux-x86_64 0.8.9 4.45 38.15 42.60 OK
r-release-linux-x86_64 0.8.9 3.61 38.36 41.97 OK
r-release-macos-arm64 0.8.9 21.00 OK
r-release-macos-x86_64 0.8.9 30.00 OK
r-release-windows-x86_64 0.8.9 38.00 75.00 113.00 OK
r-oldrel-macos-arm64 0.8.9 25.00 OK
r-oldrel-macos-x86_64 0.8.9 28.00 OK
r-oldrel-windows-ix86+x86_64 0.8.9 9.00 62.00 71.00 OK

Check Details

Version: 0.8.9
Check: Rd files
Result: NOTE
    checkRd: (-1) as-data-frame-cast-df-v7.rd:3: Escaped LaTeX specials: \_
    checkRd: (-1) as-data-frame-cast-matrix-59.rd:3: Escaped LaTeX specials: \_
    checkRd: (-1) as-matrix-cast-df-bu.rd:3: Escaped LaTeX specials: \_
    checkRd: (-1) as-matrix-cast-matrix-2y.rd:3: Escaped LaTeX specials: \_
    checkRd: (-1) cast-9g.rd:19: Escaped LaTeX specials: \_ \_
    checkRd: (-1) cast-9g.rd:41: Escaped LaTeX specials: \_
    checkRd: (-1) cast-9g.rd:46: Escaped LaTeX specials: \_ \_
    checkRd: (-1) clean-vars-rc.rd:13: Escaped LaTeX specials: \_
    checkRd: (-1) expand-kx.rd:15: Escaped LaTeX specials: \_
    checkRd: (-1) reshape-4u.rd:17: Escaped LaTeX specials: \_ \_
Flavors: r-devel-linux-x86_64-debian-clang, r-devel-linux-x86_64-debian-gcc, r-devel-linux-x86_64-fedora-clang, r-devel-linux-x86_64-fedora-gcc, r-devel-windows-x86_64