CRAN Package Check Results for Package reshape

Last updated on 2019-06-07 02:51:06 CEST.

Flavor Version Tinstall Tcheck Ttotal Status Flags
r-devel-linux-x86_64-debian-clang 0.8.8 3.80 29.98 33.78 OK
r-devel-linux-x86_64-debian-gcc 0.8.8 3.06 24.26 27.32 OK
r-devel-linux-x86_64-fedora-clang 0.8.8 40.21 OK
r-devel-linux-x86_64-fedora-gcc 0.8.8 38.75 OK
r-devel-windows-ix86+x86_64 0.8.8 10.00 46.00 56.00 OK
r-patched-linux-x86_64 0.8.8 3.68 30.39 34.07 OK
r-patched-solaris-x86 0.8.8 61.20 OK
r-release-linux-x86_64 0.8.8 3.32 30.59 33.91 OK
r-release-windows-ix86+x86_64 0.8.8 8.00 57.00 65.00 OK
r-release-osx-x86_64 0.8.8 OK
r-oldrel-windows-ix86+x86_64 0.8.8 7.00 59.00 66.00 OK
r-oldrel-osx-x86_64 0.8.8 NOTE

Check Details

Version: 0.8.8
Check: Rd \usage sections
Result: NOTE
    S3 methods shown with full name in documentation object 'all.vars.character':
     ‘all.vars.character’
    
    The \usage entries for S3 methods should use the \method markup and not
    their full name.
    See chapter ‘Writing R documentation files’ in the ‘Writing R
    Extensions’ manual.
Flavor: r-oldrel-osx-x86_64