CRAN Package Check Results for Package reshape

Last updated on 2019-08-11 23:47:39 CEST.

Flavor Version Tinstall Tcheck Ttotal Status Flags
r-devel-linux-x86_64-debian-clang 0.8.8 3.96 30.25 34.21 OK
r-devel-linux-x86_64-debian-gcc 0.8.8 2.98 24.48 27.46 OK
r-devel-linux-x86_64-fedora-clang 0.8.8 41.42 OK
r-devel-linux-x86_64-fedora-gcc 0.8.8 39.80 OK
r-devel-windows-ix86+x86_64 0.8.8 12.00 45.00 57.00 OK
r-patched-linux-x86_64 0.8.8 3.10 30.15 33.25 OK
r-patched-solaris-x86 0.8.8 62.20 OK
r-release-linux-x86_64 0.8.8 3.42 30.29 33.71 OK
r-release-windows-ix86+x86_64 0.8.8 10.00 43.00 53.00 OK
r-release-osx-x86_64 0.8.8 OK
r-oldrel-windows-ix86+x86_64 0.8.8 7.00 68.00 75.00 OK
r-oldrel-osx-x86_64 0.8.8 NOTE

Check Details

Version: 0.8.8
Check: Rd \usage sections
Result: NOTE
    S3 methods shown with full name in documentation object 'all.vars.character':
     ‘all.vars.character’
    
    The \usage entries for S3 methods should use the \method markup and not
    their full name.
    See chapter ‘Writing R documentation files’ in the ‘Writing R
    Extensions’ manual.
Flavor: r-oldrel-osx-x86_64