CRAN Package Check Results for Package resemble

Last updated on 2022-11-25 22:51:41 CET.

Flavor Version Tinstall Tcheck Ttotal Status Flags
r-devel-linux-x86_64-debian-clang 2.2.1 80.22 344.26 424.48 OK
r-devel-linux-x86_64-debian-gcc 2.2.1 66.21 265.11 331.32 OK
r-devel-linux-x86_64-fedora-clang 2.2.1 541.70 OK
r-devel-linux-x86_64-fedora-gcc 2.2.1 526.53 OK
r-devel-windows-x86_64 2.2.1 92.00 425.00 517.00 OK
r-patched-linux-x86_64 2.2.1 OK
r-release-linux-x86_64 2.2.1 66.20 325.69 391.89 OK
r-release-macos-arm64 2.2.1 206.00 NOTE
r-release-macos-x86_64 2.2.1 226.00 NOTE
r-release-windows-x86_64 2.2.1 95.00 419.00 514.00 OK
r-oldrel-macos-arm64 2.2.1 173.00 NOTE
r-oldrel-macos-x86_64 2.2.1 229.00 NOTE
r-oldrel-windows-ix86+x86_64 2.2.1 178.00 537.00 715.00 NOTE

Check Details

Version: 2.2.1
Check: installed package size
Result: NOTE
     installed size is 8.8Mb
     sub-directories of 1Mb or more:
     doc 1.6Mb
     libs 6.6Mb
Flavors: r-release-macos-arm64, r-release-macos-x86_64, r-oldrel-macos-arm64, r-oldrel-macos-x86_64, r-oldrel-windows-ix86+x86_64