Last updated on 2023-09-22 00:53:27 CEST.
Flavor | Version | Tinstall | Tcheck | Ttotal | Status | Flags |
---|---|---|---|---|---|---|
r-devel-linux-x86_64-debian-clang | 2.2.2 | 88.46 | 338.54 | 427.00 | NOTE | |
r-devel-linux-x86_64-debian-gcc | 2.2.2 | 59.49 | 268.32 | 327.81 | NOTE | |
r-devel-linux-x86_64-fedora-clang | 2.2.2 | 548.92 | NOTE | |||
r-devel-linux-x86_64-fedora-gcc | 2.2.2 | 557.49 | NOTE | |||
r-devel-windows-x86_64 | 2.2.2 | 63.00 | 361.00 | 424.00 | NOTE | |
r-patched-linux-x86_64 | 2.2.2 | 89.05 | 341.21 | 430.26 | OK | |
r-release-linux-x86_64 | 2.2.2 | 78.41 | 341.70 | 420.11 | OK | |
r-release-macos-arm64 | 2.2.2 | 204.00 | NOTE | |||
r-release-macos-x86_64 | 2.2.2 | 434.00 | NOTE | |||
r-release-windows-x86_64 | 2.2.2 | 82.00 | 391.00 | 473.00 | OK | |
r-oldrel-macos-arm64 | 2.2.2 | 183.00 | NOTE | |||
r-oldrel-macos-x86_64 | 2.2.2 | 238.00 | NOTE | |||
r-oldrel-windows-x86_64 | 2.2.2 | 78.00 | 373.00 | 451.00 | OK |
Version: 2.2.2
Check: Rd \usage sections
Result: NOTE
Documented arguments not in \usage in documentation object 'gaussian_process_cv':
‘ncomp’
Documented arguments not in \usage in documentation object 'get_samples_from_strata':
‘starta’
Documented arguments not in \usage in documentation object 'ith_subsets_ortho_diss':
‘remove’
Documented arguments not in \usage in documentation object 'pca_nipals':
‘Y’
Documented arguments not in \usage in documentation object 'predict_gaussian_process':
‘b’
Functions with \usage entries need to have the appropriate \alias
entries, and all their arguments documented.
The \usage entries must correspond to syntactically valid R code.
See chapter ‘Writing R documentation files’ in the ‘Writing R
Extensions’ manual.
Flavors: r-devel-linux-x86_64-debian-clang, r-devel-linux-x86_64-debian-gcc, r-devel-linux-x86_64-fedora-clang, r-devel-linux-x86_64-fedora-gcc, r-devel-windows-x86_64
Version: 2.2.2
Check: installed package size
Result: NOTE
installed size is 9.5Mb
sub-directories of 1Mb or more:
doc 1.6Mb
libs 7.3Mb
Flavors: r-release-macos-arm64, r-release-macos-x86_64, r-oldrel-macos-arm64, r-oldrel-macos-x86_64