CRAN Package Check Results for Package rerf

Last updated on 2019-12-08 23:47:36 CET.

Flavor Version Tinstall Tcheck Ttotal Status Flags
r-devel-linux-x86_64-debian-clang 2.0.4 77.69 134.61 212.30 NOTE
r-devel-linux-x86_64-debian-gcc 2.0.4 43.78 103.38 147.16 NOTE
r-devel-linux-x86_64-fedora-clang 2.0.4 267.85 NOTE
r-devel-linux-x86_64-fedora-gcc 2.0.4 240.46 NOTE
r-devel-windows-ix86+x86_64 2.0.4 139.00 326.00 465.00 NOTE
r-devel-windows-ix86+x86_64-gcc8 2.0.4 148.00 328.00 476.00 NOTE
r-patched-linux-x86_64 2.0.4 55.52 122.81 178.33 OK
r-patched-solaris-x86 2.0.4 272.60 OK
r-release-linux-x86_64 2.0.4 51.04 124.33 175.37 OK
r-release-windows-ix86+x86_64 2.0.4 177.00 234.00 411.00 OK
r-release-osx-x86_64 2.0.4 NOTE
r-oldrel-windows-ix86+x86_64 2.0.4 127.00 231.00 358.00 OK
r-oldrel-osx-x86_64 2.0.4 OK

Check Details

Version: 2.0.4
Check: use of PKG_*FLAGS in Makefiles
Result: NOTE
     PKG_CFLAGS set in 'src/Makevars' without any corresponding files
Flavors: r-devel-linux-x86_64-debian-clang, r-devel-linux-x86_64-debian-gcc, r-devel-linux-x86_64-fedora-clang, r-devel-linux-x86_64-fedora-gcc, r-devel-windows-ix86+x86_64, r-devel-windows-ix86+x86_64-gcc8

Version: 2.0.4
Check: for non-standard things in the check directory
Result: NOTE
    Found the following files/directories:
     'forest.out'
Flavors: r-devel-linux-x86_64-debian-clang, r-devel-linux-x86_64-debian-gcc, r-devel-linux-x86_64-fedora-clang, r-devel-linux-x86_64-fedora-gcc

Version: 2.0.4
Check: installed package size
Result: NOTE
     installed size is 5.4Mb
     sub-directories of 1Mb or more:
     data 3.1Mb
     libs 2.1Mb
Flavors: r-devel-windows-ix86+x86_64-gcc8, r-release-osx-x86_64