CRAN Package Check Results for Package rerf

Last updated on 2019-07-22 06:47:47 CEST.

Flavor Version Tinstall Tcheck Ttotal Status Flags
r-devel-linux-x86_64-debian-clang 2.0.4 62.24 123.36 185.60 NOTE
r-devel-linux-x86_64-debian-gcc 2.0.4 46.27 96.78 143.05 NOTE
r-devel-linux-x86_64-fedora-clang 2.0.4 244.64 NOTE
r-devel-linux-x86_64-fedora-gcc 2.0.4 276.39 NOTE
r-devel-windows-ix86+x86_64 2.0.4 140.00 297.00 437.00 NOTE
r-patched-linux-x86_64 2.0.4 51.29 123.63 174.92 OK
r-patched-solaris-x86 2.0.4 286.50 OK
r-release-linux-x86_64 2.0.4 56.16 125.06 181.22 OK
r-release-windows-ix86+x86_64 2.0.4 139.00 217.00 356.00 OK
r-release-osx-x86_64 2.0.4 NOTE
r-oldrel-windows-ix86+x86_64 2.0.4 171.00 221.00 392.00 OK
r-oldrel-osx-x86_64 2.0.4 OK

Check Details

Version: 2.0.4
Check: use of PKG_*FLAGS in Makefiles
Result: NOTE
     PKG_CFLAGS set in 'src/Makevars' without any corresponding files
Flavors: r-devel-linux-x86_64-debian-clang, r-devel-linux-x86_64-debian-gcc, r-devel-linux-x86_64-fedora-clang, r-devel-linux-x86_64-fedora-gcc, r-devel-windows-ix86+x86_64

Version: 2.0.4
Check: for non-standard things in the check directory
Result: NOTE
    Found the following files/directories:
     'forest.out'
Flavors: r-devel-linux-x86_64-debian-clang, r-devel-linux-x86_64-debian-gcc, r-devel-linux-x86_64-fedora-clang, r-devel-linux-x86_64-fedora-gcc

Version: 2.0.4
Check: installed package size
Result: NOTE
     installed size is 5.1Mb
     sub-directories of 1Mb or more:
     data 3.1Mb
     libs 1.8Mb
Flavor: r-release-osx-x86_64