CRAN Package Check Results for Package rerddapXtracto

Last updated on 2019-10-13 23:47:30 CEST.

Flavor Version Tinstall Tcheck Ttotal Status Flags
r-devel-linux-x86_64-debian-clang 0.4.4 3.72 78.85 82.57 OK
r-devel-linux-x86_64-debian-gcc 0.4.4 3.10 59.06 62.16 OK
r-devel-linux-x86_64-fedora-clang 0.4.4 94.73 OK
r-devel-linux-x86_64-fedora-gcc 0.4.4 87.21 OK
r-devel-windows-ix86+x86_64 0.4.4 9.00 209.00 218.00 OK
r-patched-linux-x86_64 0.4.4 3.41 74.42 77.83 OK
r-patched-solaris-x86 0.4.4 127.70 OK
r-release-linux-x86_64 0.4.4 3.12 76.64 79.76 OK
r-release-windows-ix86+x86_64 0.4.4 9.00 175.00 184.00 OK
r-release-osx-x86_64 0.4.4 OK
r-oldrel-windows-ix86+x86_64 0.4.0 5.00 288.00 293.00 WARN
r-oldrel-osx-x86_64 0.4.4 ERROR

Check Details

Version: 0.4.0
Check: re-building of vignette outputs
Result: WARN
    Error in re-building vignettes:
     ...
    grid object contains more than 10000 pixels
    increase `maxpixels` for a finer resolution
    Quitting from lines 523-533 (UsingrerddapXtracto.Rmd)
    Error: processing vignette 'UsingrerddapXtracto.Rmd' failed with diagnostics:
    stopping download
    Execution halted
Flavor: r-oldrel-windows-ix86+x86_64

Version: 0.4.4
Check: whether package can be installed
Result: ERROR
    Installation failed.
Flavor: r-oldrel-osx-x86_64