CRAN Package Check Results for Package rerddapXtracto

Last updated on 2020-05-24 23:47:53 CEST.

Flavor Version Tinstall Tcheck Ttotal Status Flags
r-devel-linux-x86_64-debian-clang 0.4.7 4.06 81.59 85.65 OK
r-devel-linux-x86_64-debian-gcc 0.4.7 3.46 60.90 64.36 OK
r-devel-linux-x86_64-fedora-clang 0.4.7 98.34 OK
r-devel-linux-x86_64-fedora-gcc 0.4.7 94.94 OK
r-devel-windows-ix86+x86_64 0.4.7 19.00 199.00 218.00 OK
r-patched-linux-x86_64 0.4.7 3.31 79.64 82.95 OK
r-patched-solaris-x86 0.4.7 133.80 OK
r-release-linux-x86_64 0.4.7 3.99 80.14 84.13 OK
r-release-osx-x86_64 0.4.7 OK
r-release-windows-ix86+x86_64 0.4.7 18.00 0.00 18.00 FAIL
r-oldrel-osx-x86_64 0.4.7 OK
r-oldrel-windows-ix86+x86_64 0.4.7 7.00 185.00 192.00 OK

Check Details

Version: 0.4.7
Check: re-building of vignette outputs
Result: FAIL
    Check process probably crashed or hung up for 20 minutes ... killed
    Most likely this happened in the example checks (?),
    if not, ignore the following last lines of example output:
    > ### Aliases: rxtractogon
    >
    > ### ** Examples
    >
    > # toy example to show use
    > # and keep execution time low
    > parameter <- 'sst'
    > tcoord <- c("2016-06-15")
    > xcoord <- mbnms$Longitude[1:3]
    > ycoord <- mbnms$Latitude[1:3]
    > sanctSST <- rxtractogon (dataInfo, parameter=parameter, xcoord = xcoord,
    + ycoord = ycoord, tcoord= tcoord)
    >
    >
    >
    > ### * <FOOTER>
    > ###
    > cleanEx()
    > options(digits = 7L)
    > base::cat("Time elapsed: ", proc.time() - base::get("ptime", pos = 'CheckExEnv'),"\n")
    Time elapsed: 9.29 2.09 354.55 NA NA
    > grDevices::dev.off()
    null device
     1
    > ###
    > ### Local variables: ***
    > ### mode: outline-minor ***
    > ### outline-regexp: "\\(> \\)?### [*]+" ***
    > ### End: ***
    > quit('no')
    ======== End of example output (where/before crash/hang up occured ?) ========
Flavor: r-release-windows-ix86+x86_64