Last updated on 2022-07-04 23:53:33 CEST.
Flavor | Version | Tinstall | Tcheck | Ttotal | Status | Flags |
---|---|---|---|---|---|---|
r-devel-linux-x86_64-debian-clang | 1.2.8 | 46.26 | 505.25 | 551.51 | NOTE | |
r-devel-linux-x86_64-debian-gcc | 1.2.8 | 33.35 | 379.22 | 412.57 | NOTE | |
r-devel-linux-x86_64-fedora-clang | 1.2.8 | 635.24 | NOTE | |||
r-devel-linux-x86_64-fedora-gcc | 1.2.8 | 646.05 | NOTE | |||
r-devel-windows-x86_64 | 1.2.8 | 261.00 | 539.00 | 800.00 | OK | |
r-patched-linux-x86_64 | 1.2.8 | 49.09 | 470.74 | 519.83 | NOTE | |
r-release-linux-x86_64 | 1.2.8 | 42.33 | 478.78 | 521.11 | NOTE | |
r-release-macos-arm64 | 1.2.8 | 173.00 | OK | |||
r-release-macos-x86_64 | 1.2.8 | 231.00 | OK | |||
r-release-windows-x86_64 | 1.2.8 | 232.00 | 521.00 | 753.00 | OK | |
r-oldrel-macos-arm64 | 1.2.8 | 112.00 | OK | |||
r-oldrel-macos-x86_64 | 1.2.8 | 161.00 | OK | |||
r-oldrel-windows-ix86+x86_64 | 1.2.8 | 93.00 | 546.00 | 639.00 | OK |
Version: 1.2.8
Check: package dependencies
Result: NOTE
Package suggested but not available for checking: 'gdalUtils'
Flavors: r-devel-linux-x86_64-debian-clang, r-devel-linux-x86_64-debian-gcc, r-devel-linux-x86_64-fedora-clang, r-devel-linux-x86_64-fedora-gcc, r-patched-linux-x86_64, r-release-linux-x86_64