Last updated on 2022-08-18 23:58:35 CEST.
Flavor | Version | Tinstall | Tcheck | Ttotal | Status | Flags |
---|---|---|---|---|---|---|
r-devel-linux-x86_64-debian-clang | 1.1.5 | 39.83 | 105.71 | 145.54 | NOTE | |
r-devel-linux-x86_64-debian-gcc | 1.1.5 | 33.98 | 79.00 | 112.98 | NOTE | |
r-devel-linux-x86_64-fedora-clang | 1.1.5 | 184.06 | NOTE | |||
r-devel-linux-x86_64-fedora-gcc | 1.1.5 | 186.32 | NOTE | |||
r-devel-windows-x86_64 | 1.1.5 | 57.00 | 114.00 | 171.00 | NOTE | |
r-patched-linux-x86_64 | 1.1.5 | 38.56 | 99.13 | 137.69 | OK | |
r-release-linux-x86_64 | 1.1.5 | OK | ||||
r-release-macos-arm64 | 1.1.5 | 52.00 | OK | |||
r-release-macos-x86_64 | 1.1.5 | 60.00 | OK | |||
r-release-windows-x86_64 | 1.1.5 | 57.00 | 116.00 | 173.00 | OK | |
r-oldrel-macos-arm64 | 1.1.5 | 52.00 | OK | |||
r-oldrel-macos-x86_64 | 1.1.5 | 61.00 | OK | |||
r-oldrel-windows-ix86+x86_64 | 1.1.5 | 79.00 | 124.00 | 203.00 | OK |
Version: 1.1.5
Check: package subdirectories
Result: NOTE
Problems with news in 'NEWS.md':
No news entries found.
Flavors: r-devel-linux-x86_64-debian-clang, r-devel-linux-x86_64-debian-gcc, r-devel-linux-x86_64-fedora-clang, r-devel-linux-x86_64-fedora-gcc, r-devel-windows-x86_64