CRAN Package Check Results for Package remote

Last updated on 2019-10-20 23:47:35 CEST.

Flavor Version Tinstall Tcheck Ttotal Status Flags
r-devel-linux-x86_64-debian-clang 1.2.1 28.45 104.72 133.17 NOTE
r-devel-linux-x86_64-debian-gcc 1.2.1 24.24 84.13 108.37 NOTE
r-devel-linux-x86_64-fedora-clang 1.2.1 161.48 NOTE
r-devel-linux-x86_64-fedora-gcc 1.2.1 170.79 NOTE
r-devel-windows-ix86+x86_64 1.2.1 58.00 227.00 285.00 OK
r-patched-linux-x86_64 1.2.1 24.93 102.61 127.54 OK
r-patched-solaris-x86 1.2.1 238.50 OK
r-release-linux-x86_64 1.2.1 23.39 103.39 126.78 OK
r-release-windows-ix86+x86_64 1.2.1 77.00 169.00 246.00 OK
r-release-osx-x86_64 1.2.1 OK
r-oldrel-windows-ix86+x86_64 1.2.1 45.00 159.00 204.00 OK
r-oldrel-osx-x86_64 1.2.1 OK

Check Details

Version: 1.2.1
Check: for non-standard things in the check directory
Result: NOTE
    Found the following files/directories:
     'vdendool_mode_01_int_predictor.grd'
     'vdendool_mode_01_int_predictor.gri'
     'vdendool_mode_01_int_response.grd'
     'vdendool_mode_01_int_response.gri'
     'vdendool_mode_01_p_predictor.grd' 'vdendool_mode_01_p_predictor.gri'
     'vdendool_mode_01_p_response.grd' 'vdendool_mode_01_p_response.gri'
     'vdendool_mode_01_r_predictor.grd' 'vdendool_mode_01_r_predictor.gri'
     'vdendool_mode_01_r_response.grd' 'vdendool_mode_01_r_response.gri'
     'vdendool_mode_01_resid_predictor.grd'
     'vdendool_mode_01_resid_predictor.gri'
     'vdendool_mode_01_resid_response.grd'
     'vdendool_mode_01_resid_response.gri'
     'vdendool_mode_01_rsq_predictor.grd'
     'vdendool_mode_01_rsq_predictor.gri'
     'vdendool_mode_01_rsq_response.grd'
     'vdendool_mode_01_rsq_response.gri'
     'vdendool_mode_01_rsq_sums_predictor.grd'
     'vdendool_mode_01_rsq_sums_predictor.gri'
     'vdendool_mode_01_slp_predictor.grd'
     'vdendool_mode_01_slp_predictor.gri'
     'vdendool_mode_01_slp_response.grd'
     'vdendool_mode_01_slp_response.gri'
     'vdendool_mode_02_int_predictor.grd'
     'vdendool_mode_02_int_predictor.gri'
     'vdendool_mode_02_int_response.grd'
     'vdendool_mode_02_int_response.gri'
     'vdendool_mode_02_p_predictor.grd' 'vdendool_mode_02_p_predictor.gri'
     'vdendool_mode_02_p_response.grd' 'vdendool_mode_02_p_response.gri'
     'vdendool_mode_02_r_predictor.grd' 'vdendool_mode_02_r_predictor.gri'
     'vdendool_mode_02_r_response.grd' 'vdendool_mode_02_r_response.gri'
     'vdendool_mode_02_resid_predictor.grd'
     'vdendool_mode_02_resid_predictor.gri'
     'vdendool_mode_02_resid_response.grd'
     'vdendool_mode_02_resid_response.gri'
     'vdendool_mode_02_rsq_predictor.grd'
     'vdendool_mode_02_rsq_predictor.gri'
     'vdendool_mode_02_rsq_response.grd'
     'vdendool_mode_02_rsq_response.gri'
     'vdendool_mode_02_rsq_sums_predictor.grd'
     'vdendool_mode_02_rsq_sums_predictor.gri'
     'vdendool_mode_02_slp_predictor.grd'
     'vdendool_mode_02_slp_predictor.gri'
     'vdendool_mode_02_slp_response.grd'
     'vdendool_mode_02_slp_response.gri'
Flavors: r-devel-linux-x86_64-debian-clang, r-devel-linux-x86_64-debian-gcc, r-devel-linux-x86_64-fedora-clang, r-devel-linux-x86_64-fedora-gcc

Version: 1.2.1
Check: compiled code
Result: NOTE
    File ‘remote/libs/remote.so’:
     Found no calls to: ‘R_registerRoutines’, ‘R_useDynamicSymbols’
    
    It is good practice to register native routines and to disable symbol
    search.
    
    See ‘Writing portable packages’ in the ‘Writing R Extensions’ manual.
Flavors: r-devel-linux-x86_64-fedora-clang, r-devel-linux-x86_64-fedora-gcc