CRAN Package Check Results for Package relevance

Last updated on 2024-06-13 00:55:29 CEST.

Flavor Version Tinstall Tcheck Ttotal Status Flags
r-devel-linux-x86_64-debian-clang 2.1 6.80 61.18 67.98 OK
r-devel-linux-x86_64-debian-gcc 2.1 5.21 44.17 49.38 OK
r-devel-linux-x86_64-fedora-clang 2.1 83.36 NOTE
r-devel-linux-x86_64-fedora-gcc 2.1 90.85 NOTE
r-devel-windows-x86_64 2.1 6.00 80.00 86.00 OK
r-patched-linux-x86_64 2.1 7.71 57.96 65.67 OK
r-release-linux-x86_64 2.1 5.96 56.86 62.82 OK
r-release-macos-arm64 2.1 28.00 OK
r-release-macos-x86_64 2.1 51.00 WARN
r-release-windows-x86_64 2.1 6.00 82.00 88.00 OK
r-oldrel-macos-arm64 2.1 36.00 OK
r-oldrel-macos-x86_64 2.1 92.00 OK
r-oldrel-windows-x86_64 2.1 7.00 86.00 93.00 OK

Check Details

Version: 2.1
Check: data for non-ASCII characters
Result: NOTE Note: found 1 marked UTF-8 string Flavors: r-devel-linux-x86_64-fedora-clang, r-devel-linux-x86_64-fedora-gcc

Version: 2.1
Check: re-building of vignette outputs
Result: WARN Error(s) in re-building vignettes: ... --- re-building ‘relevance-descr.Rnw’ using knitr Error: processing vignette 'relevance-descr.Rnw' failed with diagnostics: Running 'texi2dvi' on 'relevance-descr.tex' failed. LaTeX errors: ! Undefined control sequence. l.280 \hlkwd{getOption}\hldef {(}\hlsng{"rlv.threshold"}\hldef{)} ? ! Emergency stop. ! Emergency stop. l.280 End of file on the terminal! ! ==> Fatal error occurred, no output PDF file produced! --- failed re-building ‘relevance-descr.Rnw’ SUMMARY: processing the following file failed: ‘relevance-descr.Rnw’ Error: Vignette re-building failed. Execution halted Flavor: r-release-macos-x86_64