CRAN Package Check Results for Package relSim

Last updated on 2023-06-02 01:00:36 CEST.

Flavor Version Tinstall Tcheck Ttotal Status Flags
r-devel-linux-x86_64-debian-clang 0.3-4 52.86 60.62 113.48 NOTE
r-devel-linux-x86_64-debian-gcc 0.3-4 43.16 46.04 89.20 NOTE
r-devel-linux-x86_64-fedora-clang 0.3-4 167.24 NOTE
r-devel-linux-x86_64-fedora-gcc 0.3-4 158.10 NOTE
r-devel-windows-x86_64 0.3-4 45.00 100.00 145.00 NOTE
r-patched-linux-x86_64 0.3-4 NOTE
r-release-linux-x86_64 0.3-4 44.27 57.30 101.57 NOTE
r-release-macos-arm64 0.3-4 50.00 NOTE
r-release-macos-x86_64 0.3-4 72.00 NOTE
r-release-windows-x86_64 0.3-4 56.00 112.00 168.00 NOTE
r-oldrel-macos-arm64 0.3-4 48.00 OK
r-oldrel-macos-x86_64 0.3-4 56.00 OK
r-oldrel-windows-x86_64 0.3-4 54.00 99.00 153.00 OK

Check Details

Version: 0.3-4
Check: C++ specification
Result: NOTE
     Specified C++11: please drop specification unless essential
Flavors: r-devel-linux-x86_64-debian-clang, r-devel-linux-x86_64-debian-gcc, r-devel-linux-x86_64-fedora-clang, r-devel-linux-x86_64-fedora-gcc, r-devel-windows-x86_64, r-patched-linux-x86_64, r-release-linux-x86_64, r-release-macos-arm64, r-release-macos-x86_64, r-release-windows-x86_64