CRAN Package Check Results for Package refund

Last updated on 2022-01-23 23:50:27 CET.

Flavor Version Tinstall Tcheck Ttotal Status Flags
r-devel-linux-x86_64-debian-clang 0.1-24 28.18 318.71 346.89 OK
r-devel-linux-x86_64-debian-gcc 0.1-24 26.45 260.61 287.06 OK
r-devel-linux-x86_64-fedora-clang 0.1-24 429.20 OK
r-devel-linux-x86_64-fedora-gcc 0.1-24 412.86 OK
r-devel-windows-x86_64-new-UL 0.1-24 110.00 341.00 451.00 OK
r-devel-windows-x86_64-new-TK 0.1-24 ERROR
r-patched-linux-x86_64 0.1-24 29.46 306.35 335.81 OK
r-release-linux-x86_64 0.1-24 24.41 306.13 330.54 OK
r-release-macos-arm64 0.1-24 OK
r-release-macos-x86_64 0.1-24 OK
r-release-windows-ix86+x86_64 0.1-24 59.00 337.00 396.00 OK
r-oldrel-macos-x86_64 0.1-24 OK
r-oldrel-windows-ix86+x86_64 0.1-24 59.00 351.00 410.00 OK

Check Details

Version: 0.1-24
Check: package dependencies
Result: ERROR
    Packages required but not available: 'gamm4', 'lme4', 'RLRsim'
    
    See section 'The DESCRIPTION file' in the 'Writing R Extensions'
    manual.
Flavor: r-devel-windows-x86_64-new-TK