CRAN Package Check Results for Package refuge

Last updated on 2023-01-28 23:51:48 CET.

Flavor Version Tinstall Tcheck Ttotal Status Flags
r-devel-linux-x86_64-debian-clang 0.3.3 4.82 50.41 55.23 NOTE
r-devel-linux-x86_64-debian-gcc 0.3.3 3.41 37.40 40.81 NOTE
r-devel-linux-x86_64-fedora-clang 0.3.3 66.69 NOTE
r-devel-linux-x86_64-fedora-gcc 0.3.3 77.88 NOTE
r-patched-linux-x86_64 0.3.3 4.71 47.96 52.67 NOTE
r-release-linux-x86_64 0.3.3 5.32 49.13 54.45 NOTE
r-release-macos-arm64 0.3.3 24.00 NOTE
r-release-macos-x86_64 0.3.3 43.00 NOTE
r-release-windows-x86_64 0.3.3 14.00 86.00 100.00 NOTE
r-oldrel-macos-arm64 0.3.3 30.00 NOTE
r-oldrel-macos-x86_64 0.3.3 42.00 NOTE
r-oldrel-windows-ix86+x86_64 0.3.3 14.00 82.00 96.00 NOTE

Check Details

Version: 0.3.3
Check: LazyData
Result: NOTE
     'LazyData' is specified without a 'data' directory
Flavors: r-devel-linux-x86_64-debian-clang, r-devel-linux-x86_64-debian-gcc, r-devel-linux-x86_64-fedora-clang, r-devel-linux-x86_64-fedora-gcc, r-patched-linux-x86_64, r-release-linux-x86_64, r-release-macos-arm64, r-release-macos-x86_64, r-release-windows-x86_64, r-oldrel-macos-arm64, r-oldrel-macos-x86_64, r-oldrel-windows-ix86+x86_64