CRAN Package Check Results for Package refitME

Last updated on 2024-06-25 00:58:12 CEST.

Flavor Version Tinstall Tcheck Ttotal Status Flags
r-devel-linux-x86_64-debian-clang 1.2.2 14.64 109.93 124.57 OK
r-devel-linux-x86_64-debian-gcc 1.2.2 10.50 82.52 93.02 OK
r-devel-linux-x86_64-fedora-clang 1.2.2 151.34 NOTE
r-devel-linux-x86_64-fedora-gcc 1.2.2 144.74 NOTE
r-devel-windows-x86_64 1.2.2 12.00 106.00 118.00 OK
r-patched-linux-x86_64 1.2.2 7.70 105.01 112.71 OK
r-release-linux-x86_64 1.2.2 8.12 106.82 114.94 OK
r-release-macos-arm64 1.2.2 43.00 OK
r-release-macos-x86_64 1.2.2 78.00 OK
r-release-windows-x86_64 1.2.2 11.00 108.00 119.00 OK
r-oldrel-macos-arm64 1.2.2 49.00 OK
r-oldrel-macos-x86_64 1.2.2 88.00 OK
r-oldrel-windows-x86_64 1.2.2 15.00 124.00 139.00 OK

Check Details

Version: 1.2.2
Check: dependencies in R code
Result: NOTE Namespaces in Imports field not imported from: ‘SemiPar’ ‘caret’ ‘dplyr’ ‘scales’ All declared Imports should be used. Flavors: r-devel-linux-x86_64-fedora-clang, r-devel-linux-x86_64-fedora-gcc