CRAN Package Check Results for Package referenceIntervals

Last updated on 2019-11-10 23:48:38 CET.

Flavor Version Tinstall Tcheck Ttotal Status Flags
r-devel-linux-x86_64-debian-clang 1.1.1 8.32 60.56 68.88 NOTE
r-devel-linux-x86_64-debian-gcc 1.1.1 6.80 47.73 54.53 NOTE
r-devel-linux-x86_64-fedora-clang 1.1.1 83.39 NOTE
r-devel-linux-x86_64-fedora-gcc 1.1.1 82.74 NOTE
r-devel-windows-ix86+x86_64 1.1.1 19.00 80.00 99.00 NOTE
r-patched-linux-x86_64 1.1.1 7.73 58.49 66.22 NOTE
r-patched-solaris-x86 1.1.1 126.20 NOTE
r-release-linux-x86_64 1.1.1 8.04 58.95 66.99 NOTE
r-release-windows-ix86+x86_64 1.1.1 32.00 79.00 111.00 NOTE
r-release-osx-x86_64 1.1.1 NOTE
r-oldrel-windows-ix86+x86_64 1.1.1 18.00 73.00 91.00 NOTE
r-oldrel-osx-x86_64 1.1.1 NOTE

Check Details

Version: 1.1.1
Check: R code for possible problems
Result: NOTE
    cook.outliers: no visible global function definition for 'lm'
    cook.outliers: no visible global function definition for
     'cooks.distance'
    nonparRI: no visible global function definition for 'quantile'
    plot.interval: no visible global function definition for 'par'
    plot.interval: no visible global function definition for 'plot.new'
    plot.interval: no visible global function definition for 'plot.window'
    plot.interval: no visible global function definition for 'segments'
    plot.interval: no visible global function definition for 'axis'
    plot.interval: no visible global function definition for 'title'
    plot.interval: no visible global function definition for 'legend'
    plot.interval: no visible global function definition for 'box'
    plot.interval: no visible global function definition for 'text'
    robust: no visible global function definition for 'qt'
    singleRefLimit: no visible global function definition for 'qnorm'
    singleRefLimit: no visible global function definition for
     'shapiro.test'
    singleRefLimit: no visible global function definition for 'ks.test'
    Undefined global functions or variables:
     axis box cooks.distance ks.test legend lm par plot.new plot.window
     qnorm qt quantile segments shapiro.test text title
    Consider adding
     importFrom("graphics", "axis", "box", "legend", "par", "plot.new",
     "plot.window", "segments", "text", "title")
     importFrom("stats", "cooks.distance", "ks.test", "lm", "qnorm", "qt",
     "quantile", "shapiro.test")
    to your NAMESPACE file.
Flavors: r-devel-linux-x86_64-debian-clang, r-devel-linux-x86_64-debian-gcc, r-devel-linux-x86_64-fedora-clang, r-devel-linux-x86_64-fedora-gcc, r-devel-windows-ix86+x86_64, r-patched-linux-x86_64, r-patched-solaris-x86, r-release-linux-x86_64, r-release-windows-ix86+x86_64, r-release-osx-x86_64, r-oldrel-windows-ix86+x86_64, r-oldrel-osx-x86_64