CRAN Package Check Results for Package referenceIntervals

Last updated on 2020-05-31 23:47:45 CEST.

Flavor Version Tinstall Tcheck Ttotal Status Flags
r-devel-linux-x86_64-debian-clang 1.2.0 7.94 69.56 77.50 OK
r-devel-linux-x86_64-debian-gcc 1.2.0 7.03 54.63 61.66 OK
r-devel-linux-x86_64-fedora-clang 1.2.0 101.97 OK
r-devel-linux-x86_64-fedora-gcc 1.2.0 93.60 OK
r-devel-windows-ix86+x86_64 1.2.0 27.00 91.00 118.00 OK
r-patched-linux-x86_64 1.2.0 8.03 68.18 76.21 OK
r-patched-solaris-x86 1.2.0 151.70 OK
r-release-linux-x86_64 1.2.0 8.79 68.34 77.13 OK
r-release-osx-x86_64 1.2.0 OK
r-release-windows-ix86+x86_64 1.2.0 17.00 175.00 192.00 OK
r-oldrel-osx-x86_64 1.2.0 WARN
r-oldrel-windows-ix86+x86_64 1.2.0 28.00 77.00 105.00 OK

Check Details

Version: 1.2.0
Check: dependencies in R code
Result: NOTE
    No protocol specified
    No protocol specified
Flavor: r-oldrel-osx-x86_64

Version: 1.2.0
Check: S3 generic/method consistency
Result: WARN
    No protocol specified
    No protocol specified
    See section ‘Generic functions and methods’ in the ‘Writing R
    Extensions’ manual.
Flavor: r-oldrel-osx-x86_64

Version: 1.2.0
Check: replacement functions
Result: WARN
    No protocol specified
    No protocol specified
    The argument of a replacement function which corresponds to the right
    hand side must be named ‘value’.
Flavor: r-oldrel-osx-x86_64

Version: 1.2.0
Check: foreign function calls
Result: NOTE
    No protocol specified
    No protocol specified
    See chapter ‘System and foreign language interfaces’ in the ‘Writing R
    Extensions’ manual.
Flavor: r-oldrel-osx-x86_64

Version: 1.2.0
Check: R code for possible problems
Result: NOTE
    No protocol specified
    No protocol specified
Flavor: r-oldrel-osx-x86_64

Version: 1.2.0
Check: for missing documentation entries
Result: WARN
    No protocol specified
    No protocol specified
    All user-level objects in a package should have documentation entries.
    See chapter ‘Writing R documentation files’ in the ‘Writing R
    Extensions’ manual.
Flavor: r-oldrel-osx-x86_64

Version: 1.2.0
Check: for code/documentation mismatches
Result: WARN
    No protocol specified
    No protocol specified
    No protocol specified
    No protocol specified
    No protocol specified
    No protocol specified
Flavor: r-oldrel-osx-x86_64

Version: 1.2.0
Check: Rd \usage sections
Result: NOTE
    No protocol specified
    No protocol specified
    The \usage entries for S3 methods should use the \method markup and not
    their full name.
    See chapter ‘Writing R documentation files’ in the ‘Writing R
    Extensions’ manual.
Flavor: r-oldrel-osx-x86_64