CRAN Package Check Results for Package ref.ICAR

Last updated on 2022-06-28 23:54:13 CEST.

Flavor Version Tinstall Tcheck Ttotal Status Flags
r-devel-linux-x86_64-debian-clang 1.0 36.01 710.64 746.65 NOTE
r-devel-linux-x86_64-debian-gcc 1.0 28.89 541.73 570.62 NOTE
r-devel-linux-x86_64-fedora-clang 1.0 886.94 NOTE
r-devel-linux-x86_64-fedora-gcc 1.0 610.74 NOTE
r-devel-windows-x86_64 1.0 37.00 696.00 733.00 NOTE
r-patched-linux-x86_64 1.0 30.51 728.63 759.14 NOTE
r-release-linux-x86_64 1.0 32.09 725.11 757.20 NOTE
r-release-macos-arm64 1.0 215.00 NOTE
r-release-macos-x86_64 1.0 311.00 NOTE
r-release-windows-x86_64 1.0 61.00 732.00 793.00 NOTE
r-oldrel-macos-arm64 1.0 279.00 NOTE
r-oldrel-macos-x86_64 1.0 327.00 NOTE
r-oldrel-windows-ix86+x86_64 1.0 77.00 765.00 842.00 NOTE

Check Details

Version: 1.0
Check: LazyData
Result: NOTE
     'LazyData' is specified without a 'data' directory
Flavors: r-devel-linux-x86_64-debian-clang, r-devel-linux-x86_64-debian-gcc, r-devel-linux-x86_64-fedora-clang, r-devel-linux-x86_64-fedora-gcc, r-devel-windows-x86_64, r-patched-linux-x86_64, r-release-linux-x86_64, r-release-macos-arm64, r-release-macos-x86_64, r-release-windows-x86_64, r-oldrel-macos-arm64, r-oldrel-macos-x86_64, r-oldrel-windows-ix86+x86_64

Version: 1.0
Check: dependencies in R code
Result: NOTE
    Namespace in Imports field not imported from: ‘Rdpack’
     All declared Imports should be used.
Flavors: r-devel-linux-x86_64-fedora-clang, r-devel-linux-x86_64-fedora-gcc, r-release-macos-arm64, r-release-macos-x86_64, r-oldrel-macos-arm64, r-oldrel-macos-x86_64