CRAN Package Check Results for Package ref.ICAR

Last updated on 2019-11-10 23:48:38 CET.

Flavor Version Tinstall Tcheck Ttotal Status Flags
r-devel-linux-x86_64-debian-clang 1.0 9.16 455.69 464.85 OK
r-devel-linux-x86_64-debian-gcc 1.0 8.42 347.37 355.79 OK
r-devel-linux-x86_64-fedora-clang 1.0 547.81 NOTE
r-devel-linux-x86_64-fedora-gcc 1.0 441.77 NOTE
r-devel-windows-ix86+x86_64 1.0 22.00 471.00 493.00 OK
r-patched-linux-x86_64 1.0 9.81 448.24 458.05 OK
r-patched-solaris-x86 1.0 877.10 NOTE
r-release-linux-x86_64 1.0 8.76 440.93 449.69 OK
r-release-windows-ix86+x86_64 1.0 32.00 435.00 467.00 OK
r-release-osx-x86_64 1.0 NOTE
r-oldrel-windows-ix86+x86_64 1.0 21.00 524.00 545.00 OK
r-oldrel-osx-x86_64 1.0 NOTE

Check Details

Version: 1.0
Check: dependencies in R code
Result: NOTE
    Namespace in Imports field not imported from: ‘Rdpack’
     All declared Imports should be used.
Flavors: r-devel-linux-x86_64-fedora-clang, r-devel-linux-x86_64-fedora-gcc, r-patched-solaris-x86, r-release-osx-x86_64, r-oldrel-osx-x86_64