CRAN Package Check Results for Package ref.ICAR

Last updated on 2019-07-22 06:47:47 CEST.

Flavor Version Tinstall Tcheck Ttotal Status Flags
r-devel-linux-x86_64-debian-clang 1.0 7.46 463.05 470.51 OK
r-devel-linux-x86_64-debian-gcc 1.0 7.82 352.93 360.75 OK
r-devel-linux-x86_64-fedora-clang 1.0 547.75 NOTE
r-devel-linux-x86_64-fedora-gcc 1.0 597.44 NOTE
r-devel-windows-ix86+x86_64 1.0 22.00 564.00 586.00 OK
r-patched-linux-x86_64 1.0 8.18 450.53 458.71 OK
r-patched-solaris-x86 1.0 900.20 NOTE
r-release-linux-x86_64 1.0 8.81 445.75 454.56 OK
r-release-windows-ix86+x86_64 1.0 18.00 421.00 439.00 OK
r-release-osx-x86_64 1.0 NOTE
r-oldrel-windows-ix86+x86_64 1.0 17.00 533.00 550.00 OK
r-oldrel-osx-x86_64 1.0 NOTE

Check Details

Version: 1.0
Check: dependencies in R code
Result: NOTE
    Namespace in Imports field not imported from: ‘Rdpack’
     All declared Imports should be used.
Flavors: r-devel-linux-x86_64-fedora-clang, r-devel-linux-x86_64-fedora-gcc, r-patched-solaris-x86, r-release-osx-x86_64, r-oldrel-osx-x86_64