CRAN Package Check Results for Package redcapAPI

Last updated on 2020-10-28 23:47:23 CET.

Flavor Version Tinstall Tcheck Ttotal Status Flags
r-devel-linux-x86_64-debian-clang 2.3 5.01 34.54 39.55 OK
r-devel-linux-x86_64-debian-gcc 2.3 4.17 26.03 30.20 OK
r-devel-linux-x86_64-fedora-clang 2.3 55.84 NOTE
r-devel-linux-x86_64-fedora-gcc 2.3 46.37 NOTE
r-devel-windows-ix86+x86_64 2.3 10.00 42.00 52.00 OK
r-patched-linux-x86_64 2.3 5.35 32.37 37.72 OK
r-patched-solaris-x86 2.3 61.90 NOTE
r-release-linux-x86_64 2.3 4.95 32.13 37.08 OK
r-release-macos-x86_64 2.3 NOTE
r-release-windows-ix86+x86_64 2.3 9.00 40.00 49.00 OK
r-oldrel-macos-x86_64 2.3 NOTE
r-oldrel-windows-ix86+x86_64 2.3 8.00 45.00 53.00 OK

Check Details

Version: 2.3
Check: dependencies in R code
Result: NOTE
    Namespaces in Imports field not imported from:
     ‘DBI’ ‘readr’
     All declared Imports should be used.
Flavors: r-devel-linux-x86_64-fedora-clang, r-devel-linux-x86_64-fedora-gcc, r-patched-solaris-x86, r-release-macos-x86_64, r-oldrel-macos-x86_64