CRAN Package Check Results for Package recmap

Last updated on 2022-08-18 23:58:35 CEST.

Flavor Version Tinstall Tcheck Ttotal Status Flags
r-devel-linux-x86_64-debian-clang 1.0.11 27.24 198.82 226.06 OK
r-devel-linux-x86_64-debian-gcc 1.0.11 20.33 124.94 145.27 OK
r-devel-linux-x86_64-fedora-clang 1.0.11 265.64 NOTE
r-devel-linux-x86_64-fedora-gcc 1.0.11 250.57 NOTE
r-devel-windows-x86_64 1.0.11 32.00 200.00 232.00 OK
r-patched-linux-x86_64 1.0.11 24.40 159.75 184.15 OK
r-release-linux-x86_64 1.0.11 OK
r-release-macos-arm64 1.0.11 41.00 NOTE
r-release-macos-x86_64 1.0.11 65.00 NOTE
r-release-windows-x86_64 1.0.11 34.00 206.00 240.00 OK
r-oldrel-macos-arm64 1.0.11 36.00 NOTE
r-oldrel-macos-x86_64 1.0.11 62.00 NOTE
r-oldrel-windows-ix86+x86_64 1.0.11 60.00 278.00 338.00 OK

Check Details

Version: 1.0.11
Check: data for non-ASCII characters
Result: NOTE
     Note: found 1036 marked UTF-8 strings
Flavors: r-devel-linux-x86_64-fedora-clang, r-devel-linux-x86_64-fedora-gcc, r-release-macos-arm64, r-release-macos-x86_64, r-oldrel-macos-arm64, r-oldrel-macos-x86_64