CRAN Package Check Results for Package readr

Last updated on 2020-11-23 23:50:46 CET.

Flavor Version Tinstall Tcheck Ttotal Status Flags
r-devel-linux-x86_64-debian-clang 1.4.0 197.47 86.05 283.52 OK
r-devel-linux-x86_64-debian-gcc 1.4.0 203.62 59.95 263.57 OK
r-devel-linux-x86_64-fedora-clang 1.4.0 327.45 NOTE
r-devel-linux-x86_64-fedora-gcc 1.4.0 315.54 OK
r-devel-windows-ix86+x86_64 1.4.0 397.00 133.00 530.00 OK
r-patched-linux-x86_64 1.4.0 239.62 80.46 320.08 OK
r-patched-solaris-x86 1.4.0 350.20 OK
r-release-linux-x86_64 1.4.0 238.98 74.74 313.72 OK
r-release-macos-x86_64 1.4.0 NOTE
r-release-windows-ix86+x86_64 1.4.0 365.00 150.00 515.00 OK
r-oldrel-macos-x86_64 1.4.0 NOTE
r-oldrel-windows-ix86+x86_64 1.4.0 345.00 147.00 492.00 OK

Additional issues

rchk

Check Details

Version: 1.4.0
Check: installed package size
Result: NOTE
     installed size is 8.1Mb
     sub-directories of 1Mb or more:
     libs 7.3Mb
Flavors: r-devel-linux-x86_64-fedora-clang, r-release-macos-x86_64, r-oldrel-macos-x86_64