CRAN Package Check Results for Package readMzXmlData

Last updated on 2021-01-18 23:49:42 CET.

Flavor Version Tinstall Tcheck Ttotal Status Flags
r-devel-linux-x86_64-debian-clang 2.8.1 3.52 30.94 34.46 OK
r-devel-linux-x86_64-debian-gcc 2.8.1 2.71 24.65 27.36 OK
r-devel-linux-x86_64-fedora-clang 2.8.1 51.91 NOTE
r-devel-linux-x86_64-fedora-gcc 2.8.1 41.19 OK
r-devel-windows-ix86+x86_64 2.8.1 6.00 37.00 43.00 OK
r-patched-linux-x86_64 2.8.1 2.93 29.59 32.52 OK
r-patched-solaris-x86 2.8.1 64.60 OK
r-release-linux-x86_64 2.8.1 3.36 29.44 32.80 OK
r-release-macos-x86_64 2.8.1 OK
r-release-windows-ix86+x86_64 2.8.1 6.00 42.00 48.00 OK
r-oldrel-macos-x86_64 2.8.1 OK
r-oldrel-windows-ix86+x86_64 2.8.1 5.00 32.00 37.00 OK

Check Details

Version: 2.8.1
Check: Rd cross-references
Result: NOTE
    Undeclared package ‘MALDIquantForeign’ in Rd xrefs
Flavor: r-devel-linux-x86_64-fedora-clang