CRAN Package Check Results for Package re2

Last updated on 2022-08-06 23:57:13 CEST.

Flavor Version Tinstall Tcheck Ttotal Status Flags
r-devel-linux-x86_64-debian-clang 0.1.2 180.34 37.94 218.28 NOTE
r-devel-linux-x86_64-debian-gcc 0.1.2 141.16 28.91 170.07 NOTE
r-devel-linux-x86_64-fedora-clang 0.1.2 360.47 NOTE
r-devel-linux-x86_64-fedora-gcc 0.1.2 299.11 NOTE
r-devel-windows-x86_64 0.1.2 177.00 94.00 271.00 NOTE
r-patched-linux-x86_64 0.1.2 150.59 35.51 186.10 OK
r-release-linux-x86_64 0.1.2 154.89 36.15 191.04 OK
r-release-macos-arm64 0.1.2 86.00 NOTE
r-release-macos-x86_64 0.1.2 98.00 NOTE
r-release-windows-x86_64 0.1.2 161.00 93.00 254.00 OK
r-oldrel-macos-arm64 0.1.2 88.00 NOTE
r-oldrel-macos-x86_64 0.1.2 96.00 NOTE
r-oldrel-windows-ix86+x86_64 0.1.2 452.00 91.00 543.00 OK

Check Details

Version: 0.1.2
Check: Rd files
Result: NOTE
    checkRd: (-1) re2_syntax.Rd:539: Escaped LaTeX specials: \_
Flavors: r-devel-linux-x86_64-debian-clang, r-devel-linux-x86_64-debian-gcc, r-devel-linux-x86_64-fedora-clang, r-devel-linux-x86_64-fedora-gcc, r-devel-windows-x86_64

Version: 0.1.2
Check: installed package size
Result: NOTE
     installed size is 7.6Mb
     sub-directories of 1Mb or more:
     libs 7.3Mb
Flavors: r-devel-linux-x86_64-fedora-clang, r-release-macos-arm64, r-release-macos-x86_64, r-oldrel-macos-arm64, r-oldrel-macos-x86_64