CRAN Package Check Results for Package rdtLite

Last updated on 2021-04-21 23:48:14 CEST.

Flavor Version Tinstall Tcheck Ttotal Status Flags
r-devel-linux-x86_64-debian-clang 1.3 7.10 48.06 55.16 OK
r-devel-linux-x86_64-debian-gcc 1.3 6.08 36.66 42.74 OK
r-devel-linux-x86_64-fedora-clang 1.3 74.79 NOTE
r-devel-linux-x86_64-fedora-gcc 1.3 75.90 NOTE
r-devel-windows-ix86+x86_64 1.3 12.00 66.00 78.00 OK
r-devel-windows-x86_64-gcc10-UCRT 1.3 NOTE
r-patched-linux-x86_64 1.3 6.68 45.19 51.87 OK
r-patched-solaris-x86 1.3 92.10 NOTE
r-release-linux-x86_64 1.3 6.43 45.18 51.61 OK
r-release-macos-x86_64 1.3 NOTE
r-release-windows-ix86+x86_64 1.3 12.00 52.00 64.00 OK
r-oldrel-macos-x86_64 1.3 NOTE
r-oldrel-windows-ix86+x86_64 1.3 20.00 63.00 83.00 OK

Check Details

Version: 1.3
Check: dependencies in R code
Result: NOTE
    Namespace in Imports field not imported from: ‘gtools’
     All declared Imports should be used.
Flavors: r-devel-linux-x86_64-fedora-clang, r-devel-linux-x86_64-fedora-gcc, r-devel-windows-x86_64-gcc10-UCRT, r-patched-solaris-x86, r-release-macos-x86_64, r-oldrel-macos-x86_64