CRAN Package Check Results for Package rdtLite

Last updated on 2019-08-18 23:47:43 CEST.

Flavor Version Tinstall Tcheck Ttotal Status Flags
r-devel-linux-x86_64-debian-clang 1.1.0 5.27 35.11 40.38 OK
r-devel-linux-x86_64-debian-gcc 1.1.0 4.71 28.90 33.61 OK
r-devel-linux-x86_64-fedora-clang 1.1.0 48.66 NOTE
r-devel-linux-x86_64-fedora-gcc 1.1.0 47.06 NOTE
r-devel-windows-ix86+x86_64 1.1.0 12.00 54.00 66.00 OK
r-patched-linux-x86_64 1.1.0 4.81 35.46 40.27 OK
r-patched-solaris-x86 1.1.0 70.30 NOTE
r-release-linux-x86_64 1.1.0 6.10 35.26 41.36 OK
r-release-windows-ix86+x86_64 1.1.0 9.00 46.00 55.00 OK
r-release-osx-x86_64 1.1.0 NOTE
r-oldrel-windows-ix86+x86_64 1.0.2 6.00 64.00 70.00 OK
r-oldrel-osx-x86_64 1.1.0 ERROR

Check Details

Version: 1.1.0
Check: dependencies in R code
Result: NOTE
    Namespace in Imports field not imported from: ‘gtools’
     All declared Imports should be used.
Flavors: r-devel-linux-x86_64-fedora-clang, r-devel-linux-x86_64-fedora-gcc, r-patched-solaris-x86, r-release-osx-x86_64

Version: 1.1.0
Check: whether package can be installed
Result: ERROR
    Installation failed.
Flavor: r-oldrel-osx-x86_64