CRAN Package Check Results for Package rdtLite

Last updated on 2019-05-23 02:46:58 CEST.

Flavor Version Tinstall Tcheck Ttotal Status Flags
r-devel-linux-x86_64-debian-clang 1.0.2 5.04 35.67 40.71 OK
r-devel-linux-x86_64-debian-gcc 1.0.2 4.49 28.68 33.17 OK
r-devel-linux-x86_64-fedora-clang 1.0.2 52.26 NOTE
r-devel-linux-x86_64-fedora-gcc 1.0.2 50.04 NOTE
r-devel-windows-ix86+x86_64 1.0.2 8.00 78.00 86.00 OK
r-patched-linux-x86_64 1.0.2 5.51 36.34 41.85 OK
r-patched-solaris-x86 1.0.2 75.30 NOTE
r-release-linux-x86_64 1.0.2 5.26 36.49 41.75 OK
r-release-windows-ix86+x86_64 1.0.2 16.00 69.00 85.00 OK
r-release-osx-x86_64 1.0.2 NOTE
r-oldrel-windows-ix86+x86_64 1.0.2 6.00 43.00 49.00 OK
r-oldrel-osx-x86_64 1.0.2 NOTE

Check Details

Version: 1.0.2
Check: dependencies in R code
Result: NOTE
    Namespace in Imports field not imported from: ‘gtools’
     All declared Imports should be used.
Flavors: r-devel-linux-x86_64-fedora-clang, r-devel-linux-x86_64-fedora-gcc, r-patched-solaris-x86, r-release-osx-x86_64, r-oldrel-osx-x86_64