CRAN Package Check Results for Package rdrop2

Last updated on 2019-05-21 02:47:22 CEST.

Flavor Version Tinstall Tcheck Ttotal Status Flags
r-devel-linux-x86_64-debian-clang 0.8.1 2.36 21.42 23.78 OK
r-devel-linux-x86_64-debian-gcc 0.8.1 1.96 17.74 19.70 OK
r-devel-linux-x86_64-fedora-clang 0.8.1 30.31 NOTE
r-devel-linux-x86_64-fedora-gcc 0.8.1 29.10 NOTE
r-devel-windows-ix86+x86_64 0.8.1 10.00 50.00 60.00 OK
r-patched-linux-x86_64 0.8.1 2.51 21.55 24.06 OK
r-patched-solaris-x86 0.8.1 48.30 NOTE
r-release-linux-x86_64 0.8.1 2.41 21.87 24.28 OK
r-release-windows-ix86+x86_64 0.8.1 11.00 43.00 54.00 OK
r-release-osx-x86_64 0.8.1 NOTE
r-oldrel-windows-ix86+x86_64 0.8.1 4.00 34.00 38.00 OK
r-oldrel-osx-x86_64 0.8.1 NOTE

Check Details

Version: 0.8.1
Check: dependencies in R code
Result: NOTE
    Namespace in Imports field not imported from: ‘digest’
     All declared Imports should be used.
Flavors: r-devel-linux-x86_64-fedora-clang, r-devel-linux-x86_64-fedora-gcc, r-patched-solaris-x86, r-release-osx-x86_64, r-oldrel-osx-x86_64