CRAN Package Check Results for Package rdrop2

Last updated on 2019-07-22 06:47:47 CEST.

Flavor Version Tinstall Tcheck Ttotal Status Flags
r-devel-linux-x86_64-debian-clang 0.8.1 2.33 21.78 24.11 OK
r-devel-linux-x86_64-debian-gcc 0.8.1 1.94 17.89 19.83 OK
r-devel-linux-x86_64-fedora-clang 0.8.1 28.72 NOTE
r-devel-linux-x86_64-fedora-gcc 0.8.1 32.67 NOTE
r-devel-windows-ix86+x86_64 0.8.1 5.00 46.00 51.00 OK
r-patched-linux-x86_64 0.8.1 2.41 21.79 24.20 OK
r-patched-solaris-x86 0.8.1 47.20 NOTE
r-release-linux-x86_64 0.8.1 2.33 21.59 23.92 OK
r-release-windows-ix86+x86_64 0.8.1 6.00 36.00 42.00 OK
r-release-osx-x86_64 0.8.1 NOTE
r-oldrel-windows-ix86+x86_64 0.8.1 6.00 46.00 52.00 OK
r-oldrel-osx-x86_64 0.8.1 NOTE

Check Details

Version: 0.8.1
Check: dependencies in R code
Result: NOTE
    Namespace in Imports field not imported from: ‘digest’
     All declared Imports should be used.
Flavors: r-devel-linux-x86_64-fedora-clang, r-devel-linux-x86_64-fedora-gcc, r-patched-solaris-x86, r-release-osx-x86_64, r-oldrel-osx-x86_64