CRAN Package Check Results for Package rdrop2

Last updated on 2020-05-24 23:47:53 CEST.

Flavor Version Tinstall Tcheck Ttotal Status Flags
r-devel-linux-x86_64-debian-clang 0.8.1 2.60 24.81 27.41 OK
r-devel-linux-x86_64-debian-gcc 0.8.1 2.02 19.48 21.50 OK
r-devel-linux-x86_64-fedora-clang 0.8.1 34.20 NOTE
r-devel-linux-x86_64-fedora-gcc 0.8.1 32.45 NOTE
r-devel-windows-ix86+x86_64 0.8.1 10.00 56.00 66.00 OK
r-patched-linux-x86_64 0.8.1 2.57 24.45 27.02 OK
r-patched-solaris-x86 0.8.1 49.90 NOTE
r-release-linux-x86_64 0.8.1 2.07 24.75 26.82 OK
r-release-osx-x86_64 0.8.1 NOTE
r-release-windows-ix86+x86_64 0.8.1 17.00 51.00 68.00 OK
r-oldrel-osx-x86_64 0.8.1 NOTE
r-oldrel-windows-ix86+x86_64 0.8.1 7.00 53.00 60.00 OK

Check Details

Version: 0.8.1
Check: dependencies in R code
Result: NOTE
    Namespace in Imports field not imported from: ‘digest’
     All declared Imports should be used.
Flavors: r-devel-linux-x86_64-fedora-clang, r-devel-linux-x86_64-fedora-gcc, r-patched-solaris-x86, r-release-osx-x86_64, r-oldrel-osx-x86_64