CRAN Package Check Results for Package rdhs

Last updated on 2024-06-14 00:53:55 CEST.

Flavor Version Tinstall Tcheck Ttotal Status Flags
r-devel-linux-x86_64-debian-clang 0.8.1 7.56 85.52 93.08 OK
r-devel-linux-x86_64-debian-gcc 0.8.1 0.64 2.05 2.69 ERROR
r-devel-linux-x86_64-fedora-clang 0.8.1 114.54 OK
r-devel-linux-x86_64-fedora-gcc 0.8.1 122.33 OK
r-devel-windows-x86_64 0.8.1 8.00 102.00 110.00 OK
r-patched-linux-x86_64 0.8.1 5.58 81.39 86.97 OK
r-release-linux-x86_64 0.8.1 5.08 79.96 85.04 OK
r-release-macos-arm64 0.8.1 73.00 OK
r-release-macos-x86_64 0.8.1 97.00 OK
r-release-windows-x86_64 0.8.1 9.00 110.00 119.00 OK
r-oldrel-macos-arm64 0.8.1 61.00 OK
r-oldrel-macos-x86_64 0.8.1 189.00 OK
r-oldrel-windows-x86_64 0.8.1 11.00 113.00 124.00 OK

Check Details

Version: 0.8.1
Check: package dependencies
Result: ERROR Package required but not available: ‘haven’ Packages suggested but not available for checking: 'testthat', 'ggplot2' See section ‘The DESCRIPTION file’ in the ‘Writing R Extensions’ manual. Flavor: r-devel-linux-x86_64-debian-gcc