CRAN Package Check Results for Package rdecision

Last updated on 2022-08-08 23:53:05 CEST.

Flavor Version Tinstall Tcheck Ttotal Status Flags
r-devel-linux-x86_64-debian-clang 1.1.1 27.81 154.78 182.59 NOTE
r-devel-linux-x86_64-debian-gcc 1.1.1 22.37 108.72 131.09 NOTE
r-devel-linux-x86_64-fedora-clang 1.1.1 213.13 OK
r-devel-linux-x86_64-fedora-gcc 1.1.1 212.25 OK
r-devel-windows-x86_64 1.1.1 80.00 194.00 274.00 OK
r-patched-linux-x86_64 1.1.1 25.36 137.92 163.28 OK
r-release-linux-x86_64 1.1.1 OK
r-release-macos-arm64 1.1.1 67.00 OK
r-release-macos-x86_64 1.1.1 81.00 OK
r-release-windows-x86_64 1.1.1 88.00 190.00 278.00 OK
r-oldrel-macos-arm64 1.1.1 63.00 OK
r-oldrel-macos-x86_64 1.1.1 82.00 OK
r-oldrel-windows-ix86+x86_64 1.1.1 45.00 199.00 244.00 OK

Check Details

Version: 1.1.1
Check: HTML version of manual
Result: NOTE
    Found the following HTML validation problems:
    Action.html:72:6: Warning: missing </span> before <p>
    Action.html:72:91: Warning: inserting implicit <span>
    Action.html:75:6: Warning: missing </span> before <p>
    Action.html:75:94: Warning: inserting implicit <span>
    Action.html:78:6: Warning: missing </span> before <p>
    Action.html:78:87: Warning: inserting implicit <span>
    Action.html:81:6: Warning: missing </span> before <p>
    Action.html:81:89: Warning: inserting implicit <span>
    Action.html:84:6: Warning: missing </span> before <p>
    Action.html:84:89: Warning: inserting implicit <span>
    Action.html:72:6: Warning: trimming empty <span>
    Action.html:75:6: Warning: trimming empty <span>
    Action.html:78:6: Warning: trimming empty <span>
    Action.html:81:6: Warning: trimming empty <span>
    Action.html:84:6: Warning: trimming empty <span>
    Arborescence.html:80:6: Warning: missing </span> before <p>
    Arborescence.html:80:89: Warning: inserting implicit <span>
    Arborescence.html:83:6: Warning: missing </span> before <p>
    Arborescence.html:83:93: Warning: inserting implicit <span>
    Arborescence.html:86:6: Warning: missing </span> before <p>
    Arborescence.html:86:105: Warning: inserting implicit <span>
    Arborescence.html:89:6: Warning: missing </span> before <p>
    Arborescence.html:89:91: Warning: inserting implicit <span>
    Arborescence.html:92:6: Warning: missing </span> before <p>
    Arborescence.html:92:93: Warning: inserting implicit <span>
    Arborescence.html:95:6: Warning: missing </span> before <p>
    Arborescence.html:95:92: Warning: inserting implicit <span>
    Arborescence.html:98:6: Warning: missing </span> before <p>
    Arborescence.html:98:93: Warning: inserting implicit <span>
    Arborescence.html:101:6: Warning: missing </span> before <p>
    Arborescence.html:101:88: Warning: inserting implicit <span>
    Arborescence.html:104:6: Warning: missing </span> before <p>
    Arborescence.html:104:87: Warning: inserting implicit <span>
    Arborescence.html:107:6: Warning: missing </span> before <p>
    Arborescence.html:107:95: Warning: inserting implicit <span>
    Arborescence.html:110:6: Warning: missing </span> before <p>
    Arborescence.html:110:91: Warning: inserting implicit <span>
    Arborescence.html:113:6: Warning: missing </span> before <p>
    Arborescence.html:113:109: Warning: inserting implicit <span>
    Arborescence.html:116:6: Warning: missing </span> before <p>
    Arborescence.html:116:109: Warning: inserting implicit <span>
    Arborescence.html:119:6: Warning: missing </span> before <p>
    Arborescence.html:119:104: Warning: inserting implicit <span>
    Arborescence.html:122:6: Warning: missing </span> before <p>
    Arborescence.html:122:102: Warning: inserting implicit <span>
    Arborescence.html:125:6: Warning: missing </span> before <p>
    Arborescence.html:125:95: Warning: inserting implicit <span>
    Arborescence.html:128:6: Warning: missing </span> before <p>
    Arborescence.html:128:100: Warning: inserting implicit <span>
    Arborescence.html:131:6: Warning: missing </span> before <p>
    Arborescence.html:131:97: Warning: inserting implicit <span>
    Arborescence.html:134:6: Warning: missing </span> before <p>
    Arborescence.html:134:96: Warning: inserting implicit <span>
    Arborescence.html:137:6: Warning: missing </span> before <p>
    Arborescence.html:137:92: Warning: inserting implicit <span>
    Arborescence.html:140:6: Warning: missing </span> before <p>
    Arborescence.html:140:104: Warning: inserting implicit <span>
    Arborescence.html:143:6: Warning: missing </span> before <p>
    Arborescence.html:143:90: Warning: inserting implicit <span>
    Arborescence.html:146:6: Warning: missing </span> before <p>
    Arborescence.html:146:101: Warning: inserting implicit <span>
    Arborescence.html:149:6: Warning: missing </span> before <p>
    Arborescence.html:149:89: Warning: inserting implicit <span>
    Arborescence.html:80:6: Warning: trimming empty <span>
    Arborescence.html:83:6: Warning: trimming empty <span>
    Arborescence.html:86:6: Warning: trimming empty <span>
    Arborescence.html:89:6: Warning: trimming empty <span>
    Arborescence.html:92:6: Warning: trimming empty <span>
    Arborescence.html:95:6: Warning: trimming empty <span>
    Arborescence.html:98:6: Warning: trimming empty <span>
    Arborescence.html:101:6: Warning: trimming empty <span>
    Arborescence.html:104:6: Warning: trimming empty <span>
    Arborescence.html:107:6: Warning: trimming empty <span>
    Arborescence.html:110:6: Warning: trimming empty <span>
    Arborescence.html:113:6: Warning: trimming empty <span>
    Arborescence.html:116:6: Warning: trimming empty <span>
    Arborescence.html:119:6: Warning: trimming empty <span>
    Arborescence.html:122:6: Warning: trimming empty <span>
    Arborescence.html:125:6: Warning: trimming empty <span>
    Arborescence.html:128:6: Warning: trimming empty <span>
    Arborescence.html:131:6: Warning: trimming empty <span>
    Arborescence.html:134:6: Warning: trimming empty <span>
    Arborescence.html:137:6: Warning: trimming empty <span>
    Arborescence.html:140:6: Warning: trimming empty <span>
    Arborescence.html:143:6: Warning: trimming empty <span>
    Arborescence.html:146:6: Warning: trimming empty <span>
    Arborescence.html:149:6: Warning: trimming empty <span>
    Arrow.html:66:6: Warning: missing </span> before <p>
    Arrow.html:66:91: Warning: inserting implicit <span>
    Arrow.html:69:6: Warning: missing </span> before <p>
    Arrow.html:69:94: Warning: inserting implicit <span>
    Arrow.html:72:6: Warning: missing </span> before <p>
    Arrow.html:72:87: Warning: inserting implicit <span>
    Arrow.html:66:6: Warning: trimming empty <span>
    Arrow.html:69:6: Warning: trimming empty <span>
    Arrow.html:72:6: Warning: trimming empty <span>
    BetaDistribution.html:78:6: Warning: missing </span> before <p>
    BetaDistribution.html:78:95: Warning: inserting implicit <span>
    BetaDistribution.html:81:6: Warning: missing </span> before <p>
    BetaDistribution.html:81:91: Warning: inserting implicit <span>
    BetaDistribution.html:84:6: Warning: missing </span> before <p>
    BetaDistribution.html:84:96: Warning: inserting implicit <span>
    BetaDistribution.html:78:6: Warning: trimming empty <span>
    BetaDistribution.html:81:6: Warning: trimming empty <span>
    BetaDistribution.html:84:6: Warning: trimming empty <span>
    BetaModVar.html:66:6: Warning: missing </span> before <p>
    BetaModVar.html:66:86: Warning: inserting implicit <span>
    BetaModVar.html:69:6: Warning: missing </span> before <p>
    BetaModVar.html:69:95: Warning: inserting implicit <span>
    BetaModVar.html:72:6: Warning: missing </span> before <p>
    BetaModVar.html:72:96: Warning: inserting implicit <span>
    BetaModVar.html:75:6: Warning: missing </span> before <p>
    BetaModVar.html:75:87: Warning: inserting implicit <span>
    BetaModVar.html:78:6: Warning: missing </span> before <p>
    BetaModVar.html:78:97: Warning: inserting implicit <span>
    BetaModVar.html:81:6: Warning: missing </span> before <p>
    BetaModVar.html:81:88: Warning: inserting implicit <span>
    BetaModVar.html:84:6: Warning: missing </span> before <p>
    BetaModVar.html:84:88: Warning: inserting implicit <span>
    BetaModVar.html:87:6: Warning: missing </span> before <p>
    BetaModVar.html:87:92: Warning: inserting implicit <span>
    BetaModVar.html:90:6: Warning: missing </span> before <p>
    BetaModVar.html:90:85: Warning: inserting implicit <span>
    BetaModVar.html:93:6: Warning: missing </span> before <p>
    BetaModVar.html:93:87: Warning: inserting implicit <span>
    BetaModVar.html:96:6: Warning: missing </span> before <p>
    BetaModVar.html:96:89: Warning: inserting implicit <span>
    BetaModVar.html:66:6: Warning: trimming empty <span>
    BetaModVar.html:69:6: Warning: trimming empty <span>
    BetaModVar.html:72:6: Warning: trimming empty <span>
    BetaModVar.html:75:6: Warning: trimming empty <span>
    BetaModVar.html:78:6: Warning: trimming empty <span>
    BetaModVar.html:81:6: Warning: trimming empty <span>
    BetaModVar.html:84:6: Warning: trimming empty <span>
    BetaModVar.html:87:6: Warning: trimming empty <span>
    BetaModVar.html:90:6: Warning: trimming empty <span>
    BetaModVar.html:93:6: Warning: trimming empty <span>
    BetaModVar.html:96:6: Warning: trimming empty <span>
    ChanceNode.html:62:6: Warning: missing </span> before <p>
    ChanceNode.html:62:87: Warning: inserting implicit <span>
    ChanceNode.html:65:6: Warning: missing </span> before <p>
    ChanceNode.html:65:86: Warning: inserting implicit <span>
    ChanceNode.html:62:6: Warning: trimming empty <span>
    ChanceNode.html:65:6: Warning: trimming empty <span>
    ConstModVar.html:67:6: Warning: missing </span> before <p>
    ConstModVar.html:67:86: Warning: inserting implicit <span>
    ConstModVar.html:70:6: Warning: missing </span> before <p>
    ConstModVar.html:70:95: Warning: inserting implicit <span>
    ConstModVar.html:73:6: Warning: missing </span> before <p>
    ConstModVar.html:73:96: Warning: inserting implicit <span>
    ConstModVar.html:76:6: Warning: missing </span> before <p>
    ConstModVar.html:76:87: Warning: inserting implicit <span>
    ConstModVar.html:79:6: Warning: missing </span> before <p>
    ConstModVar.html:79:97: Warning: inserting implicit <span>
    ConstModVar.html:82:6: Warning: missing </span> before <p>
    ConstModVar.html:82:88: Warning: inserting implicit <span>
    ConstModVar.html:85:6: Warning: missing </span> before <p>
    ConstModVar.html:85:88: Warning: inserting implicit <span>
    ConstModVar.html:88:6: Warning: missing </span> before <p>
    ConstModVar.html:88:92: Warning: inserting implicit <span>
    ConstModVar.html:91:6: Warning: missing </span> before <p>
    ConstModVar.html:91:85: Warning: inserting implicit <span>
    ConstModVar.html:94:6: Warning: missing </span> before <p>
    ConstModVar.html:94:87: Warning: inserting implicit <span>
    ConstModVar.html:97:6: Warning: missing </span> before <p>
    ConstModVar.html:97:89: Warning: inserting implicit <span>
    ConstModVar.html:67:6: Warning: trimming empty <span>
    ConstModVar.html:70:6: Warning: trimming empty <span>
    ConstModVar.html:73:6: Warning: trimming empty <span>
    ConstModVar.html:76:6: Warning: trimming empty <span>
    ConstModVar.html:79:6: Warning: trimming empty <span>
    ConstModVar.html:82:6: Warning: trimming empty <span>
    ConstModVar.html:85:6: Warning: trimming empty <span>
    ConstModVar.html:88:6: Warning: trimming empty <span>
    ConstModVar.html:91:6: Warning: trimming empty <span>
    ConstModVar.html:94:6: Warning: trimming empty <span>
    ConstModVar.html:97:6: Warning: trimming empty <span>
    DecisionNode.html:61:6: Warning: missing </span> before <p>
    DecisionNode.html:61:87: Warning: inserting implicit <span>
    DecisionNode.html:64:6: Warning: missing </span> before <p>
    DecisionNode.html:64:86: Warning: inserting implicit <span>
    DecisionNode.html:61:6: Warning: trimming empty <span>
    DecisionNode.html:64:6: Warning: trimming empty <span>
    DecisionTree.html:146:6: Warning: missing </span> before <p>
    DecisionTree.html:146:89: Warning: inserting implicit <span>
    DecisionTree.html:149:6: Warning: missing </span> before <p>
    DecisionTree.html:149:93: Warning: inserting implicit <span>
    DecisionTree.html:152:6: Warning: missing </span> before <p>
    DecisionTree.html:152:105: Warning: inserting implicit <span>
    DecisionTree.html:155:6: Warning: missing </span> before <p>
    DecisionTree.html:155:91: Warning: inserting implicit <span>
    DecisionTree.html:158:6: Warning: missing </span> before <p>
    DecisionTree.html:158:93: Warning: inserting implicit <span>
    DecisionTree.html:161:6: Warning: missing </span> before <p>
    DecisionTree.html:161:92: Warning: inserting implicit <span>
    DecisionTree.html:164:6: Warning: missing </span> before <p>
    DecisionTree.html:164:93: Warning: inserting implicit <span>
    DecisionTree.html:167:6: Warning: missing </span> before <p>
    DecisionTree.html:167:88: Warning: inserting implicit <span>
    DecisionTree.html:170:6: Warning: missing </span> before <p>
    DecisionTree.html:170:87: Warning: inserting implicit <span>
    DecisionTree.html:173:6: Warning: missing </span> before <p>
    DecisionTree.html:173:95: Warning: inserting implicit <span>
    DecisionTree.html:176:6: Warning: missing </span> before <p>
    DecisionTree.html:176:91: Warning: inserting implicit <span>
    DecisionTree.html:179:6: Warning: missing </span> before <p>
    DecisionTree.html:179:109: Warning: inserting implicit <span>
    DecisionTree.html:182:6: Warning: missing </span> before <p>
    DecisionTree.html:182:109: Warning: inserting implicit <span>
    DecisionTree.html:185:6: Warning: missing </span> before <p>
    DecisionTree.html:185:104: Warning: inserting implicit <span>
    DecisionTree.html:188:6: Warning: missing </span> before <p>
    DecisionTree.html:188:102: Warning: inserting implicit <span>
    DecisionTree.html:191:6: Warning: missing </span> before <p>
    DecisionTree.html:191:95: Warning: inserting implicit <span>
    DecisionTree.html:194:6: Warning: missing </span> before <p>
    DecisionTree.html:194:100: Warning: inserting implicit <span>
    DecisionTree.html:197:6: Warning: missing </span> before <p>
    DecisionTree.html:197:97: Warning: inserting implicit <span>
    DecisionTree.html:200:6: Warning: missing </span> before <p>
    DecisionTree.html:200:96: Warning: inserting implicit <span>
    DecisionTree.html:203:6: Warning: missing </span> before <p>
    DecisionTree.html:203:92: Warning: inserting implicit <span>
    DecisionTree.html:206:6: Warning: missing </span> before <p>
    DecisionTree.html:206:104: Warning: inserting implicit <span>
    DecisionTree.html:209:6: Warning: missing </span> before <p>
    DecisionTree.html:209:90: Warning: inserting implicit <span>
    DecisionTree.html:212:6: Warning: missing </span> before <p>
    DecisionTree.html:212:101: Warning: inserting implicit <span>
    DecisionTree.html:215:6: Warning: missing </span> before <p>
    DecisionTree.html:215:89: Warning: inserting implicit <span>
    DecisionTree.html:218:6: Warning: missing </span> before <p>
    DecisionTree.html:218:97: Warning: inserting implicit <span>
    DecisionTree.html:221:6: Warning: missing </span> before <p>
    DecisionTree.html:221:99: Warning: inserting implicit <span>
    DecisionTree.html:224:6: Warning: missing </span> before <p>
    DecisionTree.html:224:97: Warning: inserting implicit <span>
    DecisionTree.html:227:6: Warning: missing </span> before <p>
    DecisionTree.html:227:94: Warning: inserting implicit <span>
    DecisionTree.html:230:6: Warning: missing </span> before <p>
    DecisionTree.html:230:108: Warning: inserting implicit <span>
    DecisionTree.html:233:6: Warning: missing </span> before <p>
    DecisionTree.html:233:98: Warning: inserting implicit <span>
    DecisionTree.html:146:6: Warning: trimming empty <span>
    DecisionTree.html:149:6: Warning: trimming empty <span>
    DecisionTree.html:152:6: Warning: trimming empty <span>
    DecisionTree.html:155:6: Warning: trimming empty <span>
    DecisionTree.html:158:6: Warning: trimming empty <span>
    DecisionTree.html:161:6: Warning: trimming empty <span>
    DecisionTree.html:164:6: Warning: trimming empty <span>
    DecisionTree.html:167:6: Warning: trimming empty <span>
    DecisionTree.html:170:6: Warning: trimming empty <span>
    DecisionTree.html:173:6: Warning: trimming empty <span>
    DecisionTree.html:176:6: Warning: trimming empty <span>
    DecisionTree.html:179:6: Warning: trimming empty <span>
    DecisionTree.html:182:6: Warning: trimming empty <span>
    DecisionTree.html:185:6: Warning: trimming empty <span>
    DecisionTree.html:188:6: Warning: trimming empty <span>
    DecisionTree.html:191:6: Warning: trimming empty <span>
    DecisionTree.html:194:6: Warning: trimming empty <span>
    DecisionTree.html:197:6: Warning: trimming empty <span>
    DecisionTree.html:200:6: Warning: trimming empty <span>
    DecisionTree.html:203:6: Warning: trimming empty <span>
    DecisionTree.html:206:6: Warning: trimming empty <span>
    DecisionTree.html:209:6: Warning: trimming empty <span>
    DecisionTree.html:212:6: Warning: trimming empty <span>
    DecisionTree.html:215:6: Warning: trimming empty <span>
    DecisionTree.html:218:6: Warning: trimming empty <span>
    DecisionTree.html:221:6: Warning: trimming empty <span>
    DecisionTree.html:224:6: Warning: trimming empty <span>
    DecisionTree.html:227:6: Warning: trimming empty <span>
    DecisionTree.html:230:6: Warning: trimming empty <span>
    DecisionTree.html:233:6: Warning: trimming empty <span>
    Digraph.html:102:6: Warning: missing </span> before <p>
    Digraph.html:102:89: Warning: inserting implicit <span>
    Digraph.html:105:6: Warning: missing </span> before <p>
    Digraph.html:105:93: Warning: inserting implicit <span>
    Digraph.html:108:6: Warning: missing </span> before <p>
    Digraph.html:108:105: Warning: inserting implicit <span>
    Digraph.html:111:6: Warning: missing </span> before <p>
    Digraph.html:111:91: Warning: inserting implicit <span>
    Digraph.html:114:6: Warning: missing </span> before <p>
    Digraph.html:114:93: Warning: inserting implicit <span>
    Digraph.html:117:6: Warning: missing </span> before <p>
    Digraph.html:117:92: Warning: inserting implicit <span>
    Digraph.html:120:6: Warning: missing </span> before <p>
    Digraph.html:120:93: Warning: inserting implicit <span>
    Digraph.html:123:6: Warning: missing </span> before <p>
    Digraph.html:123:88: Warning: inserting implicit <span>
    Digraph.html:126:6: Warning: missing </span> before <p>
    Digraph.html:126:87: Warning: inserting implicit <span>
    Digraph.html:129:6: Warning: missing </span> before <p>
    Digraph.html:129:95: Warning: inserting implicit <span>
    Digraph.html:102:6: Warning: trimming empty <span>
    Digraph.html:105:6: Warning: trimming empty <span>
    Digraph.html:108:6: Warning: trimming empty <span>
    Digraph.html:111:6: Warning: trimming empty <span>
    Digraph.html:114:6: Warning: trimming empty <span>
    Digraph.html:117:6: Warning: trimming empty <span>
    Digraph.html:120:6: Warning: trimming empty <span>
    Digraph.html:123:6: Warning: trimming empty <span>
    Digraph.html:126:6: Warning: trimming empty <span>
    Digraph.html:129:6: Warning: trimming empty <span>
    DiracDistribution.html:83:6: Warning: missing </span> before <p>
    DiracDistribution.html:83:95: Warning: inserting implicit <span>
    DiracDistribution.html:86:6: Warning: missing </span> before <p>
    DiracDistribution.html:86:91: Warning: inserting implicit <span>
    DiracDistribution.html:89:6: Warning: missing </span> before <p>
    DiracDistribution.html:89:96: Warning: inserting implicit <span>
    DiracDistribution.html:83:6: Warning: trimming empty <span>
    DiracDistribution.html:86:6: Warning: trimming empty <span>
    DiracDistribution.html:89:6: Warning: trimming empty <span>
    DirichletDistribution.html:79:6: Warning: missing </span> before <p>
    DirichletDistribution.html:79:92: Warning: inserting implicit <span>
    DirichletDistribution.html:82:6: Warning: missing </span> before <p>
    DirichletDistribution.html:82:95: Warning: inserting implicit <span>
    DirichletDistribution.html:85:6: Warning: missing </span> before <p>
    DirichletDistribution.html:85:91: Warning: inserting implicit <span>
    DirichletDistribution.html:79:6: Warning: trimming empty <span>
    DirichletDistribution.html:82:6: Warning: trimming empty <span>
    DirichletDistribution.html:85:6: Warning: trimming empty <span>
    EmpiricalDistribution.html:78:6: Warning: missing </span> before <p>
    EmpiricalDistribution.html:78:95: Warning: inserting implicit <span>
    EmpiricalDistribution.html:81:6: Warning: missing </span> before <p>
    EmpiricalDistribution.html:81:91: Warning: inserting implicit <span>
    EmpiricalDistribution.html:84:6: Warning: missing </span> before <p>
    EmpiricalDistribution.html:84:96: Warning: inserting implicit <span>
    EmpiricalDistribution.html:78:6: Warning: trimming empty <span>
    EmpiricalDistribution.html:81:6: Warning: trimming empty <span>
    EmpiricalDistribution.html:84:6: Warning: trimming empty <span>
    ExprModVar.html:106:6: Warning: missing </span> before <p>
    ExprModVar.html:106:95: Warning: inserting implicit <span>
    ExprModVar.html:109:6: Warning: missing </span> before <p>
    ExprModVar.html:109:97: Warning: inserting implicit <span>
    ExprModVar.html:112:6: Warning: missing </span> before <p>
    ExprModVar.html:112:85: Warning: inserting implicit <span>
    ExprModVar.html:115:6: Warning: missing </span> before <p>
    ExprModVar.html:115:89: Warning: inserting implicit <span>
    ExprModVar.html:106:6: Warning: trimming empty <span>
    ExprModVar.html:109:6: Warning: trimming empty <span>
    ExprModVar.html:112:6: Warning: trimming empty <span>
    ExprModVar.html:115:6: Warning: trimming empty <span>
    GammaDistribution.html:83:6: Warning: missing </span> before <p>
    GammaDistribution.html:83:95: Warning: inserting implicit <span>
    GammaDistribution.html:86:6: Warning: missing </span> before <p>
    GammaDistribution.html:86:91: Warning: inserting implicit <span>
    GammaDistribution.html:89:6: Warning: missing </span> before <p>
    GammaDistribution.html:89:96: Warning: inserting implicit <span>
    GammaDistribution.html:83:6: Warning: trimming empty <span>
    GammaDistribution.html:86:6: Warning: trimming empty <span>
    GammaDistribution.html:89:6: Warning: trimming empty <span>
    GammaModVar.html:67:6: Warning: missing </span> before <p>
    GammaModVar.html:67:86: Warning: inserting implicit <span>
    GammaModVar.html:70:6: Warning: missing </span> before <p>
    GammaModVar.html:70:95: Warning: inserting implicit <span>
    GammaModVar.html:73:6: Warning: missing </span> before <p>
    GammaModVar.html:73:96: Warning: inserting implicit <span>
    GammaModVar.html:76:6: Warning: missing </span> before <p>
    GammaModVar.html:76:87: Warning: inserting implicit <span>
    GammaModVar.html:79:6: Warning: missing </span> before <p>
    GammaModVar.html:79:97: Warning: inserting implicit <span>
    GammaModVar.html:82:6: Warning: missing </span> before <p>
    GammaModVar.html:82:88: Warning: inserting implicit <span>
    GammaModVar.html:85:6: Warning: missing </span> before <p>
    GammaModVar.html:85:88: Warning: inserting implicit <span>
    GammaModVar.html:88:6: Warning: missing </span> before <p>
    GammaModVar.html:88:92: Warning: inserting implicit <span>
    GammaModVar.html:91:6: Warning: missing </span> before <p>
    GammaModVar.html:91:85: Warning: inserting implicit <span>
    GammaModVar.html:94:6: Warning: missing </span> before <p>
    GammaModVar.html:94:87: Warning: inserting implicit <span>
    GammaModVar.html:97:6: Warning: missing </span> before <p>
    GammaModVar.html:97:89: Warning: inserting implicit <span>
    GammaModVar.html:67:6: Warning: trimming empty <span>
    GammaModVar.html:70:6: Warning: trimming empty <span>
    GammaModVar.html:73:6: Warning: trimming empty <span>
    GammaModVar.html:76:6: Warning: trimming empty <span>
    GammaModVar.html:79:6: Warning: trimming empty <span>
    GammaModVar.html:82:6: Warning: trimming empty <span>
    GammaModVar.html:85:6: Warning: trimming empty <span>
    GammaModVar.html:88:6: Warning: trimming empty <span>
    GammaModVar.html:91:6: Warning: trimming empty <span>
    GammaModVar.html:94:6: Warning: trimming empty <span>
    GammaModVar.html:97:6: Warning: trimming empty <span>
    LeafNode.html:73:6: Warning: missing </span> before <p>
    LeafNode.html:73:87: Warning: inserting implicit <span>
    LeafNode.html:76:6: Warning: missing </span> before <p>
    LeafNode.html:76:86: Warning: inserting implicit <span>
    LeafNode.html:73:6: Warning: trimming empty <span>
    LeafNode.html:76:6: Warning: trimming empty <span>
    LogNormDistribution.html:109:6: Warning: missing </span> before <p>
    LogNormDistribution.html:109:95: Warning: inserting implicit <span>
    LogNormDistribution.html:112:6: Warning: missing </span> before <p>
    LogNormDistribution.html:112:91: Warning: inserting implicit <span>
    LogNormDistribution.html:115:6: Warning: missing </span> before <p>
    LogNormDistribution.html:115:96: Warning: inserting implicit <span>
    LogNormDistribution.html:109:6: Warning: trimming empty <span>
    LogNormDistribution.html:112:6: Warning: trimming empty <span>
    LogNormDistribution.html:115:6: Warning: trimming empty <span>
    LogNormModVar.html:65:6: Warning: missing </span> before <p>
    LogNormModVar.html:65:86: Warning: inserting implicit <span>
    LogNormModVar.html:68:6: Warning: missing </span> before <p>
    LogNormModVar.html:68:95: Warning: inserting implicit <span>
    LogNormModVar.html:71:6: Warning: missing </span> before <p>
    LogNormModVar.html:71:96: Warning: inserting implicit <span>
    LogNormModVar.html:74:6: Warning: missing </span> before <p>
    LogNormModVar.html:74:87: Warning: inserting implicit <span>
    LogNormModVar.html:77:6: Warning: missing </span> before <p>
    LogNormModVar.html:77:97: Warning: inserting implicit <span>
    LogNormModVar.html:80:6: Warning: missing </span> before <p>
    LogNormModVar.html:80:88: Warning: inserting implicit <span>
    LogNormModVar.html:83:6: Warning: missing </span> before <p>
    LogNormModVar.html:83:88: Warning: inserting implicit <span>
    LogNormModVar.html:86:6: Warning: missing </span> before <p>
    LogNormModVar.html:86:92: Warning: inserting implicit <span>
    LogNormModVar.html:89:6: Warning: missing </span> before <p>
    LogNormModVar.html:89:85: Warning: inserting implicit <span>
    LogNormModVar.html:92:6: Warning: missing </span> before <p>
    LogNormModVar.html:92:87: Warning: inserting implicit <span>
    LogNormModVar.html:95:6: Warning: missing </span> before <p>
    LogNormModVar.html:95:89: Warning: inserting implicit <span>
    LogNormModVar.html:65:6: Warning: trimming empty <span>
    LogNormModVar.html:68:6: Warning: trimming empty <span>
    LogNormModVar.html:71:6: Warning: trimming empty <span>
    LogNormModVar.html:74:6: Warning: trimming empty <span>
    LogNormModVar.html:77:6: Warning: trimming empty <span>
    LogNormModVar.html:80:6: Warning: trimming empty <span>
    LogNormModVar.html:83:6: Warning: trimming empty <span>
    LogNormModVar.html:86:6: Warning: trimming empty <span>
    LogNormModVar.html:89:6: Warning: trimming empty <span>
    LogNormModVar.html:92:6: Warning: trimming empty <span>
    LogNormModVar.html:95:6: Warning: trimming empty <span>
    MarkovState.html:82:6: Warning: missing </span> before <p>
    MarkovState.html:82:87: Warning: inserting implicit <span>
    MarkovState.html:85:6: Warning: missing </span> before <p>
    MarkovState.html:85:86: Warning: inserting implicit <span>
    MarkovState.html:82:6: Warning: trimming empty <span>
    MarkovState.html:85:6: Warning: trimming empty <span>
    NormModVar.html:67:6: Warning: missing </span> before <p>
    NormModVar.html:67:86: Warning: inserting implicit <span>
    NormModVar.html:70:6: Warning: missing </span> before <p>
    NormModVar.html:70:95: Warning: inserting implicit <span>
    NormModVar.html:73:6: Warning: missing </span> before <p>
    NormModVar.html:73:96: Warning: inserting implicit <span>
    NormModVar.html:76:6: Warning: missing </span> before <p>
    NormModVar.html:76:87: Warning: inserting implicit <span>
    NormModVar.html:79:6: Warning: missing </span> before <p>
    NormModVar.html:79:97: Warning: inserting implicit <span>
    NormModVar.html:82:6: Warning: missing </span> before <p>
    NormModVar.html:82:88: Warning: inserting implicit <span>
    NormModVar.html:85:6: Warning: missing </span> before <p>
    NormModVar.html:85:88: Warning: inserting implicit <span>
    NormModVar.html:88:6: Warning: missing </span> before <p>
    NormModVar.html:88:92: Warning: inserting implicit <span>
    NormModVar.html:91:6: Warning: missing </span> before <p>
    NormModVar.html:91:85: Warning: inserting implicit <span>
    NormModVar.html:94:6: Warning: missing </span> before <p>
    NormModVar.html:94:87: Warning: inserting implicit <span>
    NormModVar.html:97:6: Warning: missing </span> before <p>
    NormModVar.html:97:89: Warning: inserting implicit <span>
    NormModVar.html:67:6: Warning: trimming empty <span>
    NormModVar.html:70:6: Warning: trimming empty <span>
    NormModVar.html:73:6: Warning: trimming empty <span>
    NormModVar.html:76:6: Warning: trimming empty <span>
    NormModVar.html:79:6: Warning: trimming empty <span>
    NormModVar.html:82:6: Warning: trimming empty <span>
    NormModVar.html:85:6: Warning: trimming empty <span>
    NormModVar.html:88:6: Warning: trimming empty <span>
    NormModVar.html:91:6: Warning: trimming empty <span>
    NormModVar.html:94:6: Warning: trimming empty <span>
    NormModVar.html:97:6: Warning: trimming empty <span>
    NormalDistribution.html:75:6: Warning: missing </span> before <p>
    NormalDistribution.html:75:94: Warning: inserting implicit <span>
    NormalDistribution.html:78:6: Warning: missing </span> before <p>
    NormalDistribution.html:78:95: Warning: inserting implicit <span>
    NormalDistribution.html:81:6: Warning: missing </span> before <p>
    NormalDistribution.html:81:91: Warning: inserting implicit <span>
    NormalDistribution.html:84:6: Warning: missing </span> before <p>
    NormalDistribution.html:84:96: Warning: inserting implicit <span>
    NormalDistribution.html:75:6: Warning: trimming empty <span>
    NormalDistribution.html:78:6: Warning: trimming empty <span>
    NormalDistribution.html:81:6: Warning: trimming empty <span>
    NormalDistribution.html:84:6: Warning: trimming empty <span>
    Reaction.html:73:6: Warning: missing </span> before <p>
    Reaction.html:73:91: Warning: inserting implicit <span>
    Reaction.html:76:6: Warning: missing </span> before <p>
    Reaction.html:76:94: Warning: inserting implicit <span>
    Reaction.html:79:6: Warning: missing </span> before <p>
    Reaction.html:79:87: Warning: inserting implicit <span>
    Reaction.html:82:6: Warning: missing </span> before <p>
    Reaction.html:82:89: Warning: inserting implicit <span>
    Reaction.html:85:6: Warning: missing </span> before <p>
    Reaction.html:85:89: Warning: inserting implicit <span>
    Reaction.html:73:6: Warning: trimming empty <span>
    Reaction.html:76:6: Warning: trimming empty <span>
    Reaction.html:79:6: Warning: trimming empty <span>
    Reaction.html:82:6: Warning: trimming empty <span>
    Reaction.html:85:6: Warning: trimming empty <span>
    SemiMarkovModel.html:182:6: Warning: missing </span> before <p>
    SemiMarkovModel.html:182:89: Warning: inserting implicit <span>
    SemiMarkovModel.html:185:6: Warning: missing </span> before <p>
    SemiMarkovModel.html:185:93: Warning: inserting implicit <span>
    SemiMarkovModel.html:188:6: Warning: missing </span> before <p>
    SemiMarkovModel.html:188:105: Warning: inserting implicit <span>
    SemiMarkovModel.html:191:6: Warning: missing </span> before <p>
    SemiMarkovModel.html:191:91: Warning: inserting implicit <span>
    SemiMarkovModel.html:194:6: Warning: missing </span> before <p>
    SemiMarkovModel.html:194:93: Warning: inserting implicit <span>
    SemiMarkovModel.html:197:6: Warning: missing </span> before <p>
    SemiMarkovModel.html:197:92: Warning: inserting implicit <span>
    SemiMarkovModel.html:200:6: Warning: missing </span> before <p>
    SemiMarkovModel.html:200:93: Warning: inserting implicit <span>
    SemiMarkovModel.html:203:6: Warning: missing </span> before <p>
    SemiMarkovModel.html:203:88: Warning: inserting implicit <span>
    SemiMarkovModel.html:206:6: Warning: missing </span> before <p>
    SemiMarkovModel.html:206:87: Warning: inserting implicit <span>
    SemiMarkovModel.html:209:6: Warning: missing </span> before <p>
    SemiMarkovModel.html:209:95: Warning: inserting implicit <span>
    SemiMarkovModel.html:212:6: Warning: missing </span> before <p>
    SemiMarkovModel.html:212:91: Warning: inserting implicit <span>
    SemiMarkovModel.html:215:6: Warning: missing </span> before <p>
    SemiMarkovModel.html:215:109: Warning: inserting implicit <span>
    SemiMarkovModel.html:218:6: Warning: missing </span> before <p>
    SemiMarkovModel.html:218:109: Warning: inserting implicit <span>
    SemiMarkovModel.html:221:6: Warning: missing </span> before <p>
    SemiMarkovModel.html:221:104: Warning: inserting implicit <span>
    SemiMarkovModel.html:224:6: Warning: missing </span> before <p>
    SemiMarkovModel.html:224:102: Warning: inserting implicit <span>
    SemiMarkovModel.html:227:6: Warning: missing </span> before <p>
    SemiMarkovModel.html:227:95: Warning: inserting implicit <span>
    SemiMarkovModel.html:230:6: Warning: missing </span> before <p>
    SemiMarkovModel.html:230:100: Warning: inserting implicit <span>
    SemiMarkovModel.html:233:6: Warning: missing </span> before <p>
    SemiMarkovModel.html:233:97: Warning: inserting implicit <span>
    SemiMarkovModel.html:236:6: Warning: missing </span> before <p>
    SemiMarkovModel.html:236:96: Warning: inserting implicit <span>
    SemiMarkovModel.html:239:6: Warning: missing </span> before <p>
    SemiMarkovModel.html:239:92: Warning: inserting implicit <span>
    SemiMarkovModel.html:242:6: Warning: missing </span> before <p>
    SemiMarkovModel.html:242:104: Warning: inserting implicit <span>
    SemiMarkovModel.html:245:6: Warning: missing </span> before <p>
    SemiMarkovModel.html:245:90: Warning: inserting implicit <span>
    SemiMarkovModel.html:248:6: Warning: missing </span> before <p>
    SemiMarkovModel.html:248:101: Warning: inserting implicit <span>
    SemiMarkovModel.html:251:6: Warning: missing </span> before <p>
    SemiMarkovModel.html:251:89: Warning: inserting implicit <span>
    SemiMarkovModel.html:182:6: Warning: trimming empty <span>
    SemiMarkovModel.html:185:6: Warning: trimming empty <span>
    SemiMarkovModel.html:188:6: Warning: trimming empty <span>
    SemiMarkovModel.html:191:6: Warning: trimming empty <span>
    SemiMarkovModel.html:194:6: Warning: trimming empty <span>
    SemiMarkovModel.html:197:6: Warning: trimming empty <span>
    SemiMarkovModel.html:200:6: Warning: trimming empty <span>
    SemiMarkovModel.html:203:6: Warning: trimming empty <span>
    SemiMarkovModel.html:206:6: Warning: trimming empty <span>
    SemiMarkovModel.html:209:6: Warning: trimming empty <span>
    SemiMarkovModel.html:212:6: Warning: trimming empty <span>
    SemiMarkovModel.html:215:6: Warning: trimming empty <span>
    SemiMarkovModel.html:218:6: Warning: trimming empty <span>
    SemiMarkovModel.html:221:6: Warning: trimming empty <span>
    SemiMarkovModel.html:224:6: Warning: trimming empty <span>
    SemiMarkovModel.html:227:6: Warning: trimming empty <span>
    SemiMarkovModel.html:230:6: Warning: trimming empty <span>
    SemiMarkovModel.html:233:6: Warning: trimming empty <span>
    SemiMarkovModel.html:236:6: Warning: trimming empty <span>
    SemiMarkovModel.html:239:6: Warning: trimming empty <span>
    SemiMarkovModel.html:242:6: Warning: trimming empty <span>
    SemiMarkovModel.html:245:6: Warning: trimming empty <span>
    SemiMarkovModel.html:248:6: Warning: trimming empty <span>
    SemiMarkovModel.html:251:6: Warning: trimming empty <span>
    Transition.html:72:6: Warning: missing </span> before <p>
    Transition.html:72:91: Warning: inserting implicit <span>
    Transition.html:75:6: Warning: missing </span> before <p>
    Transition.html:75:94: Warning: inserting implicit <span>
    Transition.html:78:6: Warning: missing </span> before <p>
    Transition.html:78:87: Warning: inserting implicit <span>
    Transition.html:81:6: Warning: missing </span> before <p>
    Transition.html:81:89: Warning: inserting implicit <span>
    Transition.html:84:6: Warning: missing </span> before <p>
    Transition.html:84:89: Warning: inserting implicit <span>
    Transition.html:72:6: Warning: trimming empty <span>
    Transition.html:75:6: Warning: trimming empty <span>
    Transition.html:78:6: Warning: trimming empty <span>
    Transition.html:81:6: Warning: trimming empty <span>
    Transition.html:84:6: Warning: trimming empty <span>
Flavors: r-devel-linux-x86_64-debian-clang, r-devel-linux-x86_64-debian-gcc