CRAN Package Check Results for Package rcreds

Last updated on 2019-08-11 23:47:38 CEST.

Flavor Version Tinstall Tcheck Ttotal Status Flags
r-devel-linux-x86_64-debian-clang 0.6.6 2.48 23.11 25.59 NOTE
r-devel-linux-x86_64-debian-gcc 0.6.6 1.87 18.89 20.76 NOTE
r-devel-linux-x86_64-fedora-clang 0.6.6 30.99 NOTE
r-devel-linux-x86_64-fedora-gcc 0.6.6 30.01 NOTE
r-devel-windows-ix86+x86_64 0.6.6 8.00 51.00 59.00 NOTE
r-patched-linux-x86_64 0.6.6 2.19 23.15 25.34 OK
r-patched-solaris-x86 0.6.6 50.10 NOTE
r-release-linux-x86_64 0.6.6 2.24 23.15 25.39 OK
r-release-windows-ix86+x86_64 0.6.6 8.00 44.00 52.00 OK
r-release-osx-x86_64 0.6.6 NOTE
r-oldrel-windows-ix86+x86_64 0.6.6 5.00 46.00 51.00 OK
r-oldrel-osx-x86_64 0.6.6 NOTE

Check Details

Version: 0.6.6
Check: package vignettes
Result: NOTE
    Package vignette with placeholder title 'Vignette Title':
     'rcreds.Rmd'
Flavors: r-devel-linux-x86_64-debian-clang, r-devel-linux-x86_64-debian-gcc, r-devel-windows-ix86+x86_64

Version: 0.6.6
Check: dependencies in R code
Result: NOTE
    Namespaces in Imports field not imported from:
     ‘stats’ ‘utils’
     All declared Imports should be used.
Flavors: r-devel-linux-x86_64-fedora-clang, r-devel-linux-x86_64-fedora-gcc, r-patched-solaris-x86, r-release-osx-x86_64, r-oldrel-osx-x86_64