CRAN Package Check Results for Package rcreds

Last updated on 2019-05-25 02:49:36 CEST.

Flavor Version Tinstall Tcheck Ttotal Status Flags
r-devel-linux-x86_64-debian-clang 0.6.6 2.18 23.30 25.48 ERROR
r-devel-linux-x86_64-debian-gcc 0.6.6 1.74 18.72 20.46 OK
r-devel-linux-x86_64-fedora-clang 0.6.6 32.38 NOTE
r-devel-linux-x86_64-fedora-gcc 0.6.6 31.52 NOTE
r-devel-windows-ix86+x86_64 0.6.6 5.00 37.00 42.00 OK
r-patched-linux-x86_64 0.6.6 OK
r-patched-solaris-x86 0.6.6 47.10 NOTE
r-release-linux-x86_64 0.6.6 2.30 23.30 25.60 OK
r-release-windows-ix86+x86_64 0.6.6 9.00 46.00 55.00 OK
r-release-osx-x86_64 0.6.6 NOTE
r-oldrel-windows-ix86+x86_64 0.6.6 3.00 48.00 51.00 OK
r-oldrel-osx-x86_64 0.6.6 NOTE

Check Details

Version: 0.6.6
Check: tests
Result: ERROR
     Running 'testthat.R' [1s/1s]
    Running the tests in 'tests/testthat.R' failed.
    Complete output:
     > library(testthat)
     > library(rcreds)
     >
     > test_check("rcreds")
     Will set (and possible create) three subfolders in the parent_folder
     /tmp/Rtmp3M61vs
     |- /db_credential_files/
     |- /credential_files/
     |- /key_files/
    
     -- 1. Failure: Checking Overwriting Abilities (@test-TODOs.R#54) --------------
     `read_credentials_from_file()` threw an error with unexpected message.
     Expected match: "^Could not decrypt the file. This is probably due to the wrong key being used."
     Actual message: "Parsing the text failed with the following error:\n\nError : parse error: trailing garbage\n 5Iâ\017®9\fÂ\233&Ã\201!\033Â\211-Ã\231Ã\202â\202¬sÃ\221Ã\230Ã\n (right here) ------^\n\n"
    
     Setting the default rcreds folder to '/tmp/Rtmp3M61vs'
     Will set (and possible create) three subfolders in the parent_folder
     /tmp/Rtmp3M61vs/.rcreds
     |- /db_credential_files/
     |- /credential_files/
     |- /key_files/
    
     Key File did not exist and was created in '/tmp/Rtmp3M61vs/.rcreds/key_files/.crypt_key.rds'
     Will set (and possible create) three subfolders in the parent_folder
     /tmp/Rtmp3M61vs/.rcreds
     |- /db_credential_files/
     |- /credential_files/
     |- /key_files/
    
     Clearing default rcreds_key_folder, which was previously set to '/tmp/Rtmp3M61vs/.rcreds/key_files'
     Setting the default rcreds key folder to '/tmp/Rtmp3M61vs/keys/some/sub/folder'
     Setting the default rcreds key folder to '/tmp/Rtmp3M61vs/keys/some/sub/folder/with_slash/'
     Clearing default rcreds folder, which was previously set to '/tmp/Rtmp3M61vs/.rcreds/credential_files'
     Clearing default rcreds db folder, which was previously set to '/tmp/Rtmp3M61vs/.rcreds/db_credential_files'
     Setting the default rcreds db folder to '/tmp/Rtmp3M61vs/db/some/sub/folder'
     Setting the default rcreds db folder to '/tmp/Rtmp3M61vs/db/some/sub/folder/with_slash/'
     Clearing default rcreds folder, which was previously not set
     Clearing default rcreds folder, which was previously not set
     Setting the default rcreds folder to '/tmp/Rtmp3M61vs/credentials/some/sub/folder'
     Setting the default rcreds folder to '/tmp/Rtmp3M61vs/credentials/some/sub/folder/with_slash/'
     Folder does not exist. Creating it.
     Setting the default rcreds folder to '/tmp/Rtmp3M61vs/testing/default'
     == testthat results ===========================================================
     OK: 121 SKIPPED: 0 WARNINGS: 1 FAILED: 1
     1. Failure: Checking Overwriting Abilities (@test-TODOs.R#54)
    
     Error: testthat unit tests failed
     Execution halted
Flavor: r-devel-linux-x86_64-debian-clang

Version: 0.6.6
Check: dependencies in R code
Result: NOTE
    Namespaces in Imports field not imported from:
     ‘stats’ ‘utils’
     All declared Imports should be used.
Flavors: r-devel-linux-x86_64-fedora-clang, r-devel-linux-x86_64-fedora-gcc, r-patched-solaris-x86, r-release-osx-x86_64, r-oldrel-osx-x86_64