CRAN Package Check Results for Package rcitoid

Last updated on 2019-10-13 23:47:29 CEST.

Flavor Version Tinstall Tcheck Ttotal Status Flags
r-devel-linux-x86_64-debian-clang 0.1.0 2.22 22.13 24.35 ERROR
r-devel-linux-x86_64-debian-gcc 0.1.0 1.66 17.94 19.60 OK
r-devel-linux-x86_64-fedora-clang 0.1.0 30.43 OK
r-devel-linux-x86_64-fedora-gcc 0.1.0 28.63 OK
r-devel-windows-ix86+x86_64 0.1.0 5.00 59.00 64.00 OK
r-patched-linux-x86_64 0.1.0 1.85 21.56 23.41 OK
r-patched-solaris-x86 0.1.0 47.90 OK
r-release-linux-x86_64 0.1.0 1.84 21.25 23.09 OK
r-release-windows-ix86+x86_64 0.1.0 8.00 36.00 44.00 OK
r-release-osx-x86_64 0.1.0 OK
r-oldrel-windows-ix86+x86_64 0.1.0 3.00 40.00 43.00 OK
r-oldrel-osx-x86_64 0.1.0 OK

Check Details

Version: 0.1.0
Check: examples
Result: ERROR
    Running examples in 'rcitoid-Ex.R' failed
    The error most likely occurred in:
    
    > base::assign(".ptime", proc.time(), pos = "CheckExEnv")
    > ### Name: cit_oid
    > ### Title: Get Citoid data
    > ### Aliases: cit_oid cit_oid_
    >
    > ### ** Examples
    >
    > url<-"https://en.wikipedia.org/api/rest_v1/data/citation/mediawiki/30446726"
    > if (crul::ok(url)) {
    + pmid1 <- 30446726
    + cit_oid(pmid1)
    + }
    Error in if (is_three_digit_code(code)) { : argument is of length zero
    Calls: cit_oid ... <Anonymous> -> <Anonymous> -> <Anonymous> -> <Anonymous>
    Execution halted
Flavor: r-devel-linux-x86_64-debian-clang