CRAN Package Check Results for Package rcdk

Last updated on 2019-11-10 23:48:38 CET.

Flavor Version Tinstall Tcheck Ttotal Status Flags
r-devel-linux-x86_64-debian-clang 3.4.7.1 6.62 108.07 114.69 OK
r-devel-linux-x86_64-debian-gcc 3.4.7.1 6.17 83.62 89.79 OK
r-devel-linux-x86_64-fedora-clang 3.4.7.1 141.92 OK
r-devel-linux-x86_64-fedora-gcc 3.4.7.1 123.56 OK
r-devel-windows-ix86+x86_64 3.4.7.1 9.00 6.00 15.00 ERROR
r-patched-linux-x86_64 3.4.7.1 7.39 106.17 113.56 OK
r-release-linux-x86_64 3.4.7.1 6.76 108.53 115.29 OK
r-release-windows-ix86+x86_64 3.4.7.1 18.00 90.00 108.00 OK
r-release-osx-x86_64 3.4.7.1 OK
r-oldrel-windows-ix86+x86_64 3.4.7.1 12.00 87.00 99.00 OK
r-oldrel-osx-x86_64 3.4.7.1 OK

Check Details

Version: 3.4.7.1
Check: whether package can be installed
Result: ERROR
    Installation failed.
Flavor: r-devel-windows-ix86+x86_64