Last updated on 2022-06-24 23:50:20 CEST.
Flavor | Version | Tinstall | Tcheck | Ttotal | Status | Flags |
---|---|---|---|---|---|---|
r-devel-linux-x86_64-debian-clang | 1.1.7 | 3.18 | 34.75 | 37.93 | NOTE | |
r-devel-linux-x86_64-debian-gcc | 1.1.7 | 2.41 | 27.08 | 29.49 | NOTE | |
r-devel-linux-x86_64-fedora-clang | 1.1.7 | 57.50 | NOTE | |||
r-devel-linux-x86_64-fedora-gcc | 1.1.7 | 57.97 | NOTE | |||
r-devel-windows-x86_64 | 1.1.7 | 9.00 | 59.00 | 68.00 | NOTE | |
r-patched-linux-x86_64 | 1.1.7 | 3.10 | 33.52 | 36.62 | NOTE | |
r-release-linux-x86_64 | 1.1.7 | 3.45 | 33.10 | 36.55 | NOTE | |
r-release-macos-arm64 | 1.1.7 | 23.00 | NOTE | |||
r-release-macos-x86_64 | 1.1.7 | 27.00 | NOTE | |||
r-release-windows-x86_64 | 1.1.7 | 8.00 | 61.00 | 69.00 | NOTE | |
r-oldrel-macos-arm64 | 1.1.7 | 19.00 | NOTE | |||
r-oldrel-macos-x86_64 | 1.1.7 | 26.00 | NOTE | |||
r-oldrel-windows-ix86+x86_64 | 1.1.7 | 9.00 | 54.00 | 63.00 | NOTE |
Version: 1.1.7
Check: package dependencies
Result: NOTE
Package suggested but not available for checking: 'rrelaxiv'
Flavors: r-devel-linux-x86_64-debian-clang, r-devel-linux-x86_64-debian-gcc, r-devel-linux-x86_64-fedora-clang, r-devel-linux-x86_64-fedora-gcc, r-devel-windows-x86_64, r-patched-linux-x86_64, r-release-linux-x86_64, r-release-macos-arm64, r-release-macos-x86_64, r-release-windows-x86_64, r-oldrel-macos-arm64, r-oldrel-macos-x86_64, r-oldrel-windows-ix86+x86_64
Version: 1.1.7
Check: dependencies in R code
Result: NOTE
Namespace in Imports field not imported from: ‘rlemon’
All declared Imports should be used.
Flavors: r-devel-linux-x86_64-fedora-clang, r-devel-linux-x86_64-fedora-gcc, r-release-macos-arm64, r-release-macos-x86_64, r-oldrel-macos-arm64, r-oldrel-macos-x86_64