Last updated on 2022-06-24 23:50:20 CEST.
Flavor | Version | Tinstall | Tcheck | Ttotal | Status | Flags |
---|---|---|---|---|---|---|
r-devel-linux-x86_64-debian-clang | 1.8.8 | 2.72 | 37.74 | 40.46 | NOTE | |
r-devel-linux-x86_64-debian-gcc | 1.8.8 | 3.19 | 29.08 | 32.27 | NOTE | |
r-devel-linux-x86_64-fedora-clang | 1.8.8 | 61.09 | NOTE | |||
r-devel-linux-x86_64-fedora-gcc | 1.8.8 | 61.40 | NOTE | |||
r-devel-windows-x86_64 | 1.8.8 | 20.00 | 68.00 | 88.00 | NOTE | |
r-patched-linux-x86_64 | 1.8.8 | 4.27 | 36.39 | 40.66 | NOTE | |
r-release-linux-x86_64 | 1.8.8 | 4.21 | 36.61 | 40.82 | NOTE | |
r-release-macos-arm64 | 1.8.8 | 27.00 | NOTE | |||
r-release-macos-x86_64 | 1.8.8 | 30.00 | NOTE | |||
r-release-windows-x86_64 | 1.8.8 | 16.00 | 69.00 | 85.00 | NOTE | |
r-oldrel-macos-arm64 | 1.8.8 | 18.00 | NOTE | |||
r-oldrel-macos-x86_64 | 1.8.8 | 29.00 | NOTE | |||
r-oldrel-windows-ix86+x86_64 | 1.8.8 | 8.00 | 58.00 | 66.00 | NOTE |
Version: 1.8.8
Check: package dependencies
Result: NOTE
Package suggested but not available for checking: 'rrelaxiv'
Flavors: r-devel-linux-x86_64-debian-clang, r-devel-linux-x86_64-debian-gcc, r-devel-linux-x86_64-fedora-clang, r-devel-linux-x86_64-fedora-gcc, r-devel-windows-x86_64, r-patched-linux-x86_64, r-release-linux-x86_64, r-release-macos-arm64, r-release-macos-x86_64, r-release-windows-x86_64, r-oldrel-macos-arm64, r-oldrel-macos-x86_64, r-oldrel-windows-ix86+x86_64