CRAN Package Check Results for Package rbtt

Last updated on 2024-06-21 00:57:20 CEST.

Flavor Version Tinstall Tcheck Ttotal Status Flags
r-devel-linux-x86_64-debian-clang 0.1.0 2.46 30.97 33.43 NOTE
r-devel-linux-x86_64-debian-gcc 0.1.0 2.03 23.34 25.37 NOTE
r-devel-linux-x86_64-fedora-clang 0.1.0 42.46 NOTE
r-devel-linux-x86_64-fedora-gcc 0.1.0 40.48 NOTE
r-devel-windows-x86_64 0.1.0 3.00 48.00 51.00 NOTE
r-patched-linux-x86_64 0.1.0 2.02 29.08 31.10 NOTE
r-release-linux-x86_64 0.1.0 2.71 29.35 32.06 NOTE
r-release-macos-arm64 0.1.0 19.00 NOTE
r-release-macos-x86_64 0.1.0 26.00 NOTE
r-release-windows-x86_64 0.1.0 3.00 51.00 54.00 NOTE
r-oldrel-macos-arm64 0.1.0 18.00 NOTE
r-oldrel-macos-x86_64 0.1.0 25.00 NOTE
r-oldrel-windows-x86_64 0.1.0 3.00 50.00 53.00 NOTE

Check Details

Version: 0.1.0
Check: LazyData
Result: NOTE 'LazyData' is specified without a 'data' directory Flavors: r-devel-linux-x86_64-debian-clang, r-devel-linux-x86_64-debian-gcc, r-devel-linux-x86_64-fedora-clang, r-devel-linux-x86_64-fedora-gcc, r-devel-windows-x86_64, r-patched-linux-x86_64, r-release-linux-x86_64, r-release-macos-arm64, r-release-macos-x86_64, r-release-windows-x86_64, r-oldrel-macos-arm64, r-oldrel-macos-x86_64, r-oldrel-windows-x86_64