CRAN Package Check Results for Package rbtc

Last updated on 2022-09-27 23:55:42 CEST.

Flavor Version Tinstall Tcheck Ttotal Status Flags
r-devel-linux-x86_64-debian-clang 0.1-6 7.09 44.25 51.34 NOTE
r-devel-linux-x86_64-debian-gcc 0.1-6 4.77 34.15 38.92 NOTE
r-devel-linux-x86_64-fedora-clang 0.1-6 76.32 NOTE
r-devel-linux-x86_64-fedora-gcc 0.1-6 70.56 NOTE
r-devel-windows-x86_64 0.1-6 43.00 83.00 126.00 NOTE
r-patched-linux-x86_64 0.1-6 8.95 39.86 48.81 NOTE
r-release-linux-x86_64 0.1-6 4.98 39.33 44.31 NOTE
r-release-macos-arm64 0.1-6 21.00 NOTE
r-release-macos-x86_64 0.1-6 31.00 NOTE
r-release-windows-x86_64 0.1-6 42.00 73.00 115.00 NOTE
r-oldrel-macos-arm64 0.1-6 27.00 NOTE
r-oldrel-macos-x86_64 0.1-6 39.00 NOTE
r-oldrel-windows-ix86+x86_64 0.1-6 16.00 70.00 86.00 NOTE

Check Details

Version: 0.1-6
Check: LazyData
Result: NOTE
     'LazyData' is specified without a 'data' directory
Flavors: r-devel-linux-x86_64-debian-clang, r-devel-linux-x86_64-debian-gcc, r-devel-linux-x86_64-fedora-clang, r-devel-linux-x86_64-fedora-gcc, r-devel-windows-x86_64, r-patched-linux-x86_64, r-release-linux-x86_64, r-release-macos-arm64, r-release-macos-x86_64, r-release-windows-x86_64, r-oldrel-macos-arm64, r-oldrel-macos-x86_64, r-oldrel-windows-ix86+x86_64