CRAN Package Check Results for Package rbacon

Last updated on 2022-12-03 23:56:24 CET.

Flavor Version Tinstall Tcheck Ttotal Status Flags
r-devel-linux-x86_64-debian-clang 2.5.8 75.99 139.26 215.25 OK
r-devel-linux-x86_64-debian-gcc 2.5.8 48.48 101.45 149.93 OK
r-devel-linux-x86_64-fedora-clang 2.5.8 308.17 WARN
r-devel-linux-x86_64-fedora-gcc 2.5.8 261.69 OK
r-devel-windows-x86_64 2.5.8 82.00 204.00 286.00 OK
r-patched-linux-x86_64 2.5.8 57.04 130.52 187.56 OK
r-release-linux-x86_64 2.5.8 57.93 130.29 188.22 OK
r-release-macos-arm64 2.5.8 62.00 OK
r-release-macos-x86_64 2.5.8 90.00 OK
r-release-windows-x86_64 2.5.8 127.00 210.00 337.00 OK
r-oldrel-macos-arm64 2.5.8 77.00 OK
r-oldrel-macos-x86_64 2.5.8 91.00 OK
r-oldrel-windows-ix86+x86_64 2.5.8 164.00 215.00 379.00 OK

Check Details

Version: 2.5.8
Check: compiled code
Result: WARN
    File ‘rbacon/libs/rbacon.so’:
     Found ‘sprintf’, possibly from ‘sprintf’ (C)
     Object: ‘input.o’
    
    Compiled code should not call entry points which might terminate R nor
    write to stdout/stderr instead of to the console, nor use Fortran I/O
    nor system RNGs nor [v]sprintf.
    
    See ‘Writing portable packages’ in the ‘Writing R Extensions’ manual.
Flavor: r-devel-linux-x86_64-fedora-clang