CRAN Package Check Results for Package ratematrix

Last updated on 2020-07-07 23:49:04 CEST.

Flavor Version Tinstall Tcheck Ttotal Status Flags
r-devel-linux-x86_64-debian-clang 1.2.2 68.08 144.51 212.59 OK
r-devel-linux-x86_64-debian-gcc 1.2.2 50.69 114.18 164.87 OK
r-devel-linux-x86_64-fedora-clang 1.2.2 270.20 NOTE
r-devel-linux-x86_64-fedora-gcc 1.2.2 246.91 OK
r-devel-windows-ix86+x86_64 1.2.2 118.00 201.00 319.00 OK
r-patched-linux-x86_64 1.2.2 57.62 143.79 201.41 OK
r-patched-solaris-x86 1.2.2 323.00 OK
r-release-linux-x86_64 1.2.2 59.12 143.40 202.52 OK
r-release-osx-x86_64 1.2.2 NOTE
r-release-windows-ix86+x86_64 1.2.2 125.00 207.00 332.00 OK
r-oldrel-osx-x86_64 1.2.2 NOTE
r-oldrel-windows-ix86+x86_64 1.2.2 131.00 261.00 392.00 OK

Check Details

Version: 1.2.2
Check: installed package size
Result: NOTE
     installed size is 6.8Mb
     sub-directories of 1Mb or more:
     libs 5.1Mb
Flavors: r-devel-linux-x86_64-fedora-clang, r-release-osx-x86_64, r-oldrel-osx-x86_64