CRAN Package Check Results for Package ratematrix

Last updated on 2019-06-07 02:51:05 CEST.

Flavor Version Tinstall Tcheck Ttotal Status Flags
r-devel-linux-x86_64-debian-clang 1.2.1 60.22 130.46 190.68 OK
r-devel-linux-x86_64-debian-gcc 1.2.1 43.34 102.97 146.31 OK
r-devel-linux-x86_64-fedora-clang 1.2.1 257.00 NOTE
r-devel-linux-x86_64-fedora-gcc 1.2.1 228.95 OK
r-devel-windows-ix86+x86_64 1.2.1 141.00 182.00 323.00 OK
r-patched-linux-x86_64 1.2.1 49.48 127.35 176.83 OK
r-patched-solaris-x86 1.2.1 303.70 OK
r-release-linux-x86_64 1.2.1 48.10 123.39 171.49 OK
r-release-windows-ix86+x86_64 1.2.1 138.00 256.00 394.00 OK
r-release-osx-x86_64 1.2.1 NOTE
r-oldrel-windows-ix86+x86_64 1.2.1 88.00 242.00 330.00 OK
r-oldrel-osx-x86_64 1.2.1 NOTE

Check Details

Version: 1.2.1
Check: installed package size
Result: NOTE
     installed size is 5.5Mb
     sub-directories of 1Mb or more:
     libs 3.8Mb
Flavors: r-devel-linux-x86_64-fedora-clang, r-release-osx-x86_64, r-oldrel-osx-x86_64