CRAN Package Check Results for Package ratematrix

Last updated on 2019-08-11 23:47:38 CEST.

Flavor Version Tinstall Tcheck Ttotal Status Flags
r-devel-linux-x86_64-debian-clang 1.2.1 58.08 130.41 188.49 OK
r-devel-linux-x86_64-debian-gcc 1.2.1 43.40 102.41 145.81 OK
r-devel-linux-x86_64-fedora-clang 1.2.1 243.00 NOTE
r-devel-linux-x86_64-fedora-gcc 1.2.1 228.12 OK
r-devel-windows-ix86+x86_64 1.2.1 155.00 253.00 408.00 OK
r-patched-linux-x86_64 1.2.1 45.76 128.44 174.20 OK
r-patched-solaris-x86 1.2.1 303.00 OK
r-release-linux-x86_64 1.2.1 48.97 135.71 184.68 OK
r-release-windows-ix86+x86_64 1.2.1 145.00 198.00 343.00 OK
r-release-osx-x86_64 1.2.1 NOTE
r-oldrel-windows-ix86+x86_64 1.2.1 128.00 226.00 354.00 OK
r-oldrel-osx-x86_64 1.2.1 NOTE

Check Details

Version: 1.2.1
Check: installed package size
Result: NOTE
     installed size is 5.5Mb
     sub-directories of 1Mb or more:
     libs 3.8Mb
Flavors: r-devel-linux-x86_64-fedora-clang, r-release-osx-x86_64, r-oldrel-osx-x86_64