CRAN Package Check Results for Package rasterVis

Last updated on 2022-01-22 23:52:20 CET.

Flavor Version Tinstall Tcheck Ttotal Status Flags
r-devel-linux-x86_64-debian-clang 0.51.1 24.28 250.55 274.83 OK
r-devel-linux-x86_64-debian-gcc 0.51.1 22.81 183.66 206.47 OK
r-devel-linux-x86_64-fedora-clang 0.51.1 331.01 OK
r-devel-linux-x86_64-fedora-gcc 0.51.1 313.47 OK
r-devel-windows-x86_64-new-UL 0.51.1 76.00 259.00 335.00 OK
r-devel-windows-x86_64-new-TK 0.51.1 OK
r-patched-linux-x86_64 0.51.1 34.40 241.59 275.99 OK
r-release-linux-x86_64 0.51.1 26.42 242.18 268.60 OK
r-release-macos-arm64 0.51.1 NOTE
r-release-macos-x86_64 0.51.1 OK
r-release-windows-ix86+x86_64 0.51.1 58.00 257.00 315.00 OK
r-oldrel-macos-x86_64 0.51.1 OK
r-oldrel-windows-ix86+x86_64 0.51.1 60.00 268.00 328.00 OK

Check Details

Version: 0.51.1
Check: Rd cross-references
Result: NOTE
    Package unavailable to check Rd xrefs: ‘rgl’
Flavor: r-release-macos-arm64