Last updated on 2023-03-20 00:54:15 CET.
Flavor | Version | Tinstall | Tcheck | Ttotal | Status | Flags |
---|---|---|---|---|---|---|
r-devel-linux-x86_64-debian-clang | 0.1.1 | OK | ||||
r-devel-linux-x86_64-debian-gcc | 0.1.1 | 39.46 | 71.35 | 110.81 | OK | |
r-devel-linux-x86_64-fedora-clang | 0.1.1 | 187.67 | OK | |||
r-devel-linux-x86_64-fedora-gcc | 0.1.1 | 201.21 | OK | |||
r-patched-linux-x86_64 | 0.1.1 | 41.63 | 88.26 | 129.89 | OK | |
r-release-linux-x86_64 | 0.1.1 | 39.80 | 86.57 | 126.37 | OK | |
r-release-macos-arm64 | 0.1.1 | 52.00 | OK | |||
r-release-macos-x86_64 | 0.1.1 | 70.00 | OK | |||
r-release-windows-x86_64 | 0.1.1 | 55.00 | 138.00 | 193.00 | OK | |
r-oldrel-macos-arm64 | 0.1.1 | 55.00 | NOTE | |||
r-oldrel-macos-x86_64 | 0.1.1 | 101.00 | OK | |||
r-oldrel-windows-ix86+x86_64 | 0.1.1 | 110.00 | 158.00 | 268.00 | OK |
Version: 0.1.1
Check: installed package size
Result: NOTE
installed size is 5.5Mb
sub-directories of 1Mb or more:
doc 1.2Mb
libs 4.2Mb
Flavor: r-oldrel-macos-arm64