CRAN Package Check Results for Package rappdirs

Last updated on 2019-06-07 02:51:05 CEST.

Flavor Version Tinstall Tcheck Ttotal Status Flags
r-devel-linux-x86_64-debian-clang 0.3.1 2.20 21.11 23.31 OK
r-devel-linux-x86_64-debian-gcc 0.3.1 1.87 17.31 19.18 OK
r-devel-linux-x86_64-fedora-clang 0.3.1 28.68 NOTE
r-devel-linux-x86_64-fedora-gcc 0.3.1 27.68 NOTE
r-devel-windows-ix86+x86_64 0.3.1 18.00 44.00 62.00 OK
r-patched-linux-x86_64 0.3.1 2.11 21.21 23.32 OK
r-patched-solaris-x86 0.3.1 49.50 OK
r-release-linux-x86_64 0.3.1 2.40 21.01 23.41 OK
r-release-windows-ix86+x86_64 0.3.1 12.00 59.00 71.00 OK
r-release-osx-x86_64 0.3.1 OK
r-oldrel-windows-ix86+x86_64 0.3.1 14.00 52.00 66.00 OK
r-oldrel-osx-x86_64 0.3.1 OK

Check Details

Version: 0.3.1
Check: compiled code
Result: NOTE
    File ‘rappdirs/libs/rappdirs.so’:
     Found no calls to: ‘R_registerRoutines’, ‘R_useDynamicSymbols’
    
    It is good practice to register native routines and to disable symbol
    search.
    
    See ‘Writing portable packages’ in the ‘Writing R Extensions’ manual.
Flavors: r-devel-linux-x86_64-fedora-clang, r-devel-linux-x86_64-fedora-gcc