CRAN Package Check Results for Package rappdirs

Last updated on 2020-11-23 23:50:45 CET.

Flavor Version Tinstall Tcheck Ttotal Status Flags
r-devel-linux-x86_64-debian-clang 0.3.1 3.52 29.40 32.92 OK
r-devel-linux-x86_64-debian-gcc 0.3.1 2.34 25.63 27.97 OK
r-devel-linux-x86_64-fedora-clang 0.3.1 43.30 NOTE
r-devel-linux-x86_64-fedora-gcc 0.3.1 33.78 NOTE
r-devel-windows-ix86+x86_64 0.3.1 15.00 41.00 56.00 OK
r-patched-linux-x86_64 0.3.1 3.47 29.99 33.46 OK
r-patched-solaris-x86 0.3.1 53.60 OK
r-release-linux-x86_64 0.3.1 3.14 27.85 30.99 OK
r-release-macos-x86_64 0.3.1 OK
r-release-windows-ix86+x86_64 0.3.1 13.00 43.00 56.00 OK
r-oldrel-macos-x86_64 0.3.1 OK
r-oldrel-windows-ix86+x86_64 0.3.1 8.00 49.00 57.00 OK

Check Details

Version: 0.3.1
Check: compiled code
Result: NOTE
    File ‘rappdirs/libs/rappdirs.so’:
     Found no calls to: ‘R_registerRoutines’, ‘R_useDynamicSymbols’
    
    It is good practice to register native routines and to disable symbol
    search.
    
    See ‘Writing portable packages’ in the ‘Writing R Extensions’ manual.
Flavors: r-devel-linux-x86_64-fedora-clang, r-devel-linux-x86_64-fedora-gcc