CRAN Package Check Results for Package ranger

Last updated on 2022-10-02 23:51:36 CEST.

Flavor Version Tinstall Tcheck Ttotal Status Flags
r-devel-linux-x86_64-debian-clang 0.14.1 108.04 119.22 227.26 OK
r-devel-linux-x86_64-debian-gcc 0.14.1 89.74 91.69 181.43 OK
r-devel-linux-x86_64-fedora-clang 0.14.1 320.56 OK
r-devel-linux-x86_64-fedora-gcc 0.14.1 292.47 OK
r-devel-windows-x86_64 0.14.1 95.00 177.00 272.00 OK
r-patched-linux-x86_64 0.14.1 97.51 113.75 211.26 OK
r-release-linux-x86_64 0.14.1 98.03 113.87 211.90 OK
r-release-macos-arm64 0.14.1 72.00 NOTE
r-release-macos-x86_64 0.14.1 99.00 NOTE
r-release-windows-x86_64 0.14.1 97.00 164.00 261.00 OK
r-oldrel-macos-arm64 0.14.1 71.00 NOTE
r-oldrel-macos-x86_64 0.14.1 98.00 NOTE
r-oldrel-windows-ix86+x86_64 0.14.1 248.00 223.00 471.00 WARN

Check Details

Version: 0.14.1
Check: installed package size
Result: NOTE
     installed size is 7.2Mb
     sub-directories of 1Mb or more:
     libs 7.0Mb
Flavors: r-release-macos-arm64, r-release-macos-x86_64, r-oldrel-macos-arm64, r-oldrel-macos-x86_64

Version: 0.14.1
Check: for unstated dependencies in ‘tests’
Result: WARN
    Warning: unable to access index for repository https://bioconductor.org/packages/3.14/bioc/src/contrib:
     cannot open URL 'https://bioconductor.org/packages/3.14/bioc/src/contrib/PACKAGES'
    Warning: unable to access index for repository https://bioconductor.org/packages/3.14/data/annotation/src/contrib:
     cannot open URL 'https://bioconductor.org/packages/3.14/data/annotation/src/contrib/PACKAGES'
    Warning: unable to access index for repository https://bioconductor.org/packages/3.14/data/experiment/src/contrib:
     cannot open URL 'https://bioconductor.org/packages/3.14/data/experiment/src/contrib/PACKAGES'
Flavor: r-oldrel-windows-ix86+x86_64