CRAN Package Check Results for Package rangeBuilder

Last updated on 2020-11-25 23:51:46 CET.

Flavor Version Tinstall Tcheck Ttotal Status Flags
r-devel-linux-x86_64-debian-clang 1.5 38.41 118.07 156.48 OK
r-devel-linux-x86_64-debian-gcc 1.5 36.68 88.67 125.35 OK
r-devel-linux-x86_64-fedora-clang 1.5 204.95 OK
r-devel-linux-x86_64-fedora-gcc 1.5 191.19 OK
r-devel-windows-ix86+x86_64 1.5 76.00 206.00 282.00 NOTE
r-patched-linux-x86_64 1.5 45.05 109.60 154.65 OK
r-patched-solaris-x86 1.5 291.60 OK
r-release-linux-x86_64 1.5 42.97 117.13 160.10 OK
r-release-macos-x86_64 1.5 OK
r-release-windows-ix86+x86_64 1.5 81.00 187.00 268.00 NOTE
r-oldrel-macos-x86_64 1.5 OK
r-oldrel-windows-ix86+x86_64 1.5 57.00 186.00 243.00 OK

Check Details

Version: 1.5
Check: installed package size
Result: NOTE
     installed size is 5.3Mb
     sub-directories of 1Mb or more:
     R 2.4Mb
     libs 2.0Mb
Flavors: r-devel-windows-ix86+x86_64, r-release-windows-ix86+x86_64