CRAN Package Check Results for Package ralger

Last updated on 2020-10-29 23:50:22 CET.

Flavor Version Tinstall Tcheck Ttotal Status Flags
r-devel-linux-x86_64-debian-clang 2.1.0 3.71 65.34 69.05 OK
r-devel-linux-x86_64-debian-gcc 2.1.0 3.04 51.78 54.82 OK
r-devel-linux-x86_64-fedora-clang 2.1.0 82.35 NOTE
r-devel-linux-x86_64-fedora-gcc 2.1.0 75.64 NOTE
r-devel-windows-ix86+x86_64 2.1.0 11.00 103.00 114.00 OK
r-patched-linux-x86_64 2.1.0 3.70 64.41 68.11 ERROR
r-patched-solaris-x86 2.1.0 107.30 NOTE
r-release-linux-x86_64 2.1.0 4.09 60.27 64.36 ERROR
r-release-macos-x86_64 2.1.0 NOTE
r-release-windows-ix86+x86_64 2.1.0 9.00 108.00 117.00 OK
r-oldrel-macos-x86_64 2.1.0 NOTE
r-oldrel-windows-ix86+x86_64 2.1.0 8.00 120.00 128.00 OK

Check Details

Version: 2.1.0
Check: dependencies in R code
Result: NOTE
    Namespace in Imports field not imported from: ‘testthat’
     All declared Imports should be used.
Flavors: r-devel-linux-x86_64-fedora-clang, r-devel-linux-x86_64-fedora-gcc, r-patched-solaris-x86, r-release-macos-x86_64, r-oldrel-macos-x86_64

Version: 2.1.0
Check: tests
Result: ERROR
     Running ‘testthat.R’ [20s/33s]
    Running the tests in ‘tests/testthat.R’ failed.
    Complete output:
     > library(testthat)
     > library(ralger)
     >
     > test_check("ralger")
     ── 1. Failure: paragraphs_scrap() works (@test-paragraphs_scrap.R#2) ──────────
     paragraphs_scrap(link = "https://www.nytimes.com/") not identical to `%>%`(...).
     2/33 mismatches
     x[20]: "The 2020 race is the most expensive in history. Joe Biden and Democratic
     x[20]: Senate candidates gain in Georgia, a poll finds. Here’s the latest."
     y[20]: "With days to go, President Trump and Joe Biden are making closing argumen
     y[20]: ts. Hundreds at a Trump event in Omaha were stranded in the cold. Here’s t
     y[20]: he latest."
    
     x[29]: "It is dangerous and destabilizing."
     y[29]: "No one is quite sure."
    
     ══ testthat results ═══════════════════════════════════════════════════════════
     [ OK: 15 | SKIPPED: 0 | WARNINGS: 0 | FAILED: 1 ]
     1. Failure: paragraphs_scrap() works (@test-paragraphs_scrap.R#2)
    
     Error: testthat unit tests failed
     Execution halted
Flavor: r-patched-linux-x86_64

Version: 2.1.0
Check: tests
Result: ERROR
     Running ‘testthat.R’ [17s/31s]
    Running the tests in ‘tests/testthat.R’ failed.
    Complete output:
     > library(testthat)
     > library(ralger)
     >
     > test_check("ralger")
     ── 1. Failure: titles_scrap() works (@test-titles_scrap.R#20) ─────────────────
     titles_scrap("https://www.nytimes.com/") not equivalent to data <- c(h1, h2, h3).
     Lengths differ: 42 is not 44
    
     ══ testthat results ═══════════════════════════════════════════════════════════
     [ OK: 15 | SKIPPED: 0 | WARNINGS: 0 | FAILED: 1 ]
     1. Failure: titles_scrap() works (@test-titles_scrap.R#20)
    
     Error: testthat unit tests failed
     Execution halted
Flavor: r-release-linux-x86_64