CRAN Package Check Results for Package rTRNG

Last updated on 2020-11-25 23:51:48 CET.

Flavor Version Tinstall Tcheck Ttotal Status Flags
r-devel-linux-x86_64-debian-clang 4.20-1 189.39 172.12 361.51 NOTE
r-devel-linux-x86_64-debian-gcc 4.20-1 229.54 139.22 368.76 NOTE
r-devel-linux-x86_64-fedora-clang 4.20-1 426.83 NOTE
r-devel-linux-x86_64-fedora-gcc 4.20-1 412.06 NOTE
r-devel-windows-ix86+x86_64 4.20-1 335.00 280.00 615.00 NOTE
r-patched-linux-x86_64 4.20-1 272.63 187.97 460.60 NOTE
r-patched-solaris-x86 4.20-1 394.70 WARN
r-release-linux-x86_64 4.20-1 350.09 193.30 543.39 NOTE
r-release-macos-x86_64 4.20-1 WARN
r-release-windows-ix86+x86_64 4.20-1 343.00 284.00 627.00 NOTE
r-oldrel-macos-x86_64 4.20-1 ERROR
r-oldrel-windows-ix86+x86_64 4.20-1 322.00 252.00 574.00 NOTE

Additional issues

valgrind

Check Details

Version: 4.20-1
Check: for GNU extensions in Makefiles
Result: NOTE
    GNU make is a SystemRequirements.
Flavors: r-devel-linux-x86_64-debian-clang, r-devel-linux-x86_64-debian-gcc, r-devel-linux-x86_64-fedora-clang, r-devel-linux-x86_64-fedora-gcc, r-devel-windows-ix86+x86_64, r-patched-linux-x86_64, r-patched-solaris-x86, r-release-linux-x86_64, r-release-macos-x86_64, r-release-windows-ix86+x86_64, r-oldrel-macos-x86_64, r-oldrel-windows-ix86+x86_64

Version: 4.20-1
Check: installed package size
Result: NOTE
     installed size is 29.5Mb
     sub-directories of 1Mb or more:
     doc 7.8Mb
     libs 20.8Mb
Flavors: r-devel-linux-x86_64-fedora-clang, r-devel-windows-ix86+x86_64, r-patched-solaris-x86, r-release-macos-x86_64, r-release-windows-ix86+x86_64, r-oldrel-macos-x86_64, r-oldrel-windows-ix86+x86_64

Version: 4.20-1
Check: re-building of vignette outputs
Result: WARN
    Error(s) in re-building vignettes:
     ...
    --- re-building ‘mcMat.Rmd’ using rmarkdown
    Warning in engine$weave(file, quiet = quiet, encoding = enc) :
     Pandoc (>= 1.12.3) and/or pandoc-citeproc not available. Falling back to R Markdown v1.
    "/home/ripley/R/Lib32/rTRNG/include/trng/special_functions.hpp", line 219: Error: Badly formed constant expression.
    "/home/ripley/R/Lib32/rTRNG/include/trng/special_functions.hpp", line 235: Error: Badly formed constant expression.
    "/home/ripley/R/Lib32/rTRNG/include/trng/special_functions.hpp", line 416: Error: Badly formed constant expression.
    "/home/ripley/R/Lib32/rTRNG/include/trng/special_functions.hpp", line 432: Error: Badly formed constant expression.
    "/home/ripley/R/Lib32/rTRNG/include/trng/special_functions.hpp", line 987: Error: Badly formed constant expression.
    "/home/ripley/R/Lib32/rTRNG/include/trng/special_functions.hpp", line 998: Error: Badly formed constant expression.
    "/home/ripley/R/Lib32/rTRNG/include/trng/special_functions.hpp", line 1023: Error: Badly formed constant expression.
    "/home/ripley/R/Lib32/rTRNG/include/trng/special_functions.hpp", line 1034: Error: Badly formed constant expression.
    8 Error(s) detected.
    make: Fatal error: Command failed for target `mcMat.o'
    Current working directory /tmp/Rtmp9vaaPO/working_dir/RtmpOJa4N5/sourceCpp-i386-pc-solaris2.10-1.0.5/sourcecpp_733f3b4702
    Quitting from lines 20-26 (mcMat.Rmd)
    Error: processing vignette 'mcMat.Rmd' failed with diagnostics:
    Error 1 occurred building shared library.
    --- failed re-building ‘mcMat.Rmd’
    
    --- re-building ‘rTRNG.Rmd’ using rmarkdown
    Warning in engine$weave(file, quiet = quiet, encoding = enc) :
     Pandoc (>= 1.12.3) and/or pandoc-citeproc not available. Falling back to R Markdown v1.
    Building shared library for Rcpp code chunk...
    
    > exampleCpp()
     [1] 0.908596011 0.868944127 0.354053042 0.737823978 0.005293939 0.586628362
     [7] 0.686208571 0.708826658 0.662295773 0.818212143
    --- finished re-building ‘rTRNG.Rmd’
    
    --- re-building ‘rTRNG.useR2017.pdf.asis’ using asis
    --- finished re-building ‘rTRNG.useR2017.pdf.asis’
    
    SUMMARY: processing the following file failed:
     ‘mcMat.Rmd’
    
    Error: Vignette re-building failed.
    Execution halted
Flavor: r-patched-solaris-x86

Version: 4.20-1
Check: re-building of vignette outputs
Result: WARN
    Error(s) in re-building vignettes:
    --- re-building ‘mcMat.Rmd’ using rmarkdown
    Warning in engine$weave(file, quiet = quiet, encoding = enc) :
     Pandoc (>= 1.12.3) and/or pandoc-citeproc not available. Falling back to R Markdown v1.
    Quitting from lines 20-26 (mcMat.Rmd)
    Error: processing vignette 'mcMat.Rmd' failed with diagnostics:
    unable to load shared object '/Volumes/Temp/tmp/Rtmph3s0Pn/sourceCpp-x86_64-apple-darwin17.0-1.0.5/sourcecpp_39142237833/sourceCpp_2.so':
     dlopen(/Volumes/Temp/tmp/Rtmph3s0Pn/sourceCpp-x86_64-apple-darwin17.0-1.0.5/sourcecpp_39142237833/sourceCpp_2.so, 6): Library not loaded: rTRNG.so
     Referenced from: /Volumes/Temp/tmp/Rtmph3s0Pn/sourceCpp-x86_64-apple-darwin17.0-1.0.5/sourcecpp_39142237833/sourceCpp_2.so
     Reason: image not found
    --- failed re-building ‘mcMat.Rmd’
    
    --- re-building ‘rTRNG.Rmd’ using rmarkdown
    Warning in engine$weave(file, quiet = quiet, encoding = enc) :
     Pandoc (>= 1.12.3) and/or pandoc-citeproc not available. Falling back to R Markdown v1.
    Building shared library for Rcpp code chunk...
    Quitting from lines 106-129 (rTRNG.Rmd)
    Error: processing vignette 'rTRNG.Rmd' failed with diagnostics:
    unable to load shared object '/Volumes/Temp/tmp/RtmpekQKXO/sourceCpp-x86_64-apple-darwin17.0-1.0.5/sourcecpp_3cfd40acd5bb/sourceCpp_2.so':
     dlopen(/Volumes/Temp/tmp/RtmpekQKXO/sourceCpp-x86_64-apple-darwin17.0-1.0.5/sourcecpp_3cfd40acd5bb/sourceCpp_2.so, 6): Library not loaded: rTRNG.so
     Referenced from: /Volumes/Temp/tmp/RtmpekQKXO/sourceCpp-x86_64-apple-darwin17.0-1.0.5/sourcecpp_3cfd40acd5bb/sourceCpp_2.so
     Reason: image not found
    --- failed re-building ‘rTRNG.Rmd’
    
    --- re-building ‘rTRNG.useR2017.pdf.asis’ using asis
    --- finished re-building ‘rTRNG.useR2017.pdf.asis’
    
    SUMMARY: processing the following files failed:
     ‘mcMat.Rmd’ ‘rTRNG.Rmd’
    
    Error: Vignette re-building failed.
    Execution halted
Flavor: r-release-macos-x86_64

Version: 4.20-1
Check: tests
Result: ERROR
     Running ‘testthat.R’ [9s/9s]
    Running the tests in ‘tests/testthat.R’ failed.
    Last 13 lines of output:
     FAILURE (test-TRNG.Engine.R:268:7): $split errors for out-of-range subsequence indices
     FAILURE (test-TRNG.Engine.R:264:7): $split errors for out-of-range subsequence indices
     FAILURE (test-TRNG.Engine.R:268:7): $split errors for out-of-range subsequence indices
     FAILURE (test-TRNG.Engine.R:264:7): $split errors for out-of-range subsequence indices
     FAILURE (test-TRNG.Engine.R:268:7): $split errors for out-of-range subsequence indices
     FAILURE (test-TRNG.Engine.R:264:7): $split errors for out-of-range subsequence indices
     FAILURE (test-TRNG.Engine.R:268:7): $split errors for out-of-range subsequence indices
     FAILURE (test-TRNG.Engine.R:264:7): $split errors for out-of-range subsequence indices
     FAILURE (test-TRNG.Engine.R:268:7): $split errors for out-of-range subsequence indices
     FAILURE (test-TRNG.Random.R:134:3): TRNGsplit errors for out-of-range subsequence indices
     FAILURE (test-TRNG.Random.R:135:3): TRNGsplit errors for out-of-range subsequence indices
    
     [ FAIL 30 | WARN 0 | SKIP 0 | PASS 581 ]
     Error: Test failures
     Execution halted
Flavor: r-oldrel-macos-x86_64

Version: 4.20-1
Check: re-building of vignette outputs
Result: WARN
    Error(s) in re-building vignettes:
    --- re-building ‘mcMat.Rmd’ using rmarkdown
    Warning in engine$weave(file, quiet = quiet, encoding = enc) :
     Pandoc (>= 1.12.3) and/or pandoc-citeproc not available. Falling back to R Markdown v1.
    Quitting from lines 20-26 (mcMat.Rmd)
    Error: processing vignette 'mcMat.Rmd' failed with diagnostics:
    unable to load shared object '/private/tmp/RtmpdSSERl/sourceCpp-x86_64-apple-darwin15.6.0-1.0.5/sourcecpp_fbf93a059647/sourceCpp_2.so':
     dlopen(/private/tmp/RtmpdSSERl/sourceCpp-x86_64-apple-darwin15.6.0-1.0.5/sourcecpp_fbf93a059647/sourceCpp_2.so, 6): Library not loaded: rTRNG.so
     Referenced from: /private/tmp/RtmpdSSERl/sourceCpp-x86_64-apple-darwin15.6.0-1.0.5/sourcecpp_fbf93a059647/sourceCpp_2.so
     Reason: image not found
    --- failed re-building ‘mcMat.Rmd’
    
    --- re-building ‘rTRNG.Rmd’ using rmarkdown
    Warning in engine$weave(file, quiet = quiet, encoding = enc) :
     Pandoc (>= 1.12.3) and/or pandoc-citeproc not available. Falling back to R Markdown v1.
    Building shared library for Rcpp code chunk...
    Quitting from lines 106-129 (rTRNG.Rmd)
    Error: processing vignette 'rTRNG.Rmd' failed with diagnostics:
    unable to load shared object '/private/tmp/RtmpoKLI6q/sourceCpp-x86_64-apple-darwin15.6.0-1.0.5/sourcecpp_fc167b2256e2/sourceCpp_2.so':
     dlopen(/private/tmp/RtmpoKLI6q/sourceCpp-x86_64-apple-darwin15.6.0-1.0.5/sourcecpp_fc167b2256e2/sourceCpp_2.so, 6): Library not loaded: rTRNG.so
     Referenced from: /private/tmp/RtmpoKLI6q/sourceCpp-x86_64-apple-darwin15.6.0-1.0.5/sourcecpp_fc167b2256e2/sourceCpp_2.so
     Reason: image not found
    --- failed re-building ‘rTRNG.Rmd’
    
    --- re-building ‘rTRNG.useR2017.pdf.asis’ using asis
    --- finished re-building ‘rTRNG.useR2017.pdf.asis’
    
    SUMMARY: processing the following files failed:
     ‘mcMat.Rmd’ ‘rTRNG.Rmd’
    
    Error: Vignette re-building failed.
    Execution halted
Flavor: r-oldrel-macos-x86_64