CRAN Package Check Results for Package rSQM

Last updated on 2019-11-10 23:48:39 CET.

Flavor Version Tinstall Tcheck Ttotal Status Flags
r-devel-linux-x86_64-debian-clang 1.3.14 10.25 78.03 88.28 NOTE
r-devel-linux-x86_64-debian-gcc 1.3.14 8.38 58.54 66.92 NOTE
r-devel-linux-x86_64-fedora-clang 1.3.14 104.94 NOTE
r-devel-linux-x86_64-fedora-gcc 1.3.14 101.32 NOTE
r-devel-windows-ix86+x86_64 1.3.14 23.00 99.00 122.00 OK
r-patched-linux-x86_64 1.3.14 9.36 71.39 80.75 OK
r-patched-solaris-x86 1.3.14 148.40 OK
r-release-linux-x86_64 1.3.14 9.89 71.58 81.47 OK
r-release-windows-ix86+x86_64 1.3.14 29.00 127.00 156.00 OK
r-release-osx-x86_64 1.3.14 OK
r-oldrel-windows-ix86+x86_64 1.3.14 19.00 126.00 145.00 OK
r-oldrel-osx-x86_64 1.3.14 OK

Check Details

Version: 1.3.14
Check: for non-standard things in the check directory
Result: NOTE
    Found the following files/directories:
     'Database' 'rSQM.yaml' 'rSQM_Sample_Project' 'sample_script.R'
Flavors: r-devel-linux-x86_64-debian-clang, r-devel-linux-x86_64-debian-gcc, r-devel-linux-x86_64-fedora-clang, r-devel-linux-x86_64-fedora-gcc