CRAN Package Check Results for Package rSPDE

Last updated on 2022-01-19 23:49:10 CET.

Flavor Version Tinstall Tcheck Ttotal Status Flags
r-devel-linux-x86_64-debian-clang 1.1.1 NOTE
r-devel-linux-x86_64-debian-gcc 1.1.1 8.27 72.38 80.65 NOTE
r-devel-linux-x86_64-fedora-clang 1.1.1 128.33 OK
r-devel-linux-x86_64-fedora-gcc 1.1.1 114.59 OK
r-devel-windows-x86_64-new-UL 1.1.1 52.00 129.00 181.00 NOTE
r-devel-windows-x86_64-new-TK 1.1.1 NOTE
r-patched-linux-x86_64 1.1.1 9.33 93.44 102.77 NOTE
r-release-linux-x86_64 1.1.1 NOTE
r-release-macos-arm64 1.1.1 NOTE
r-release-macos-x86_64 1.1.1 NOTE
r-release-windows-ix86+x86_64 1.1.1 24.00 112.00 136.00 OK
r-oldrel-macos-x86_64 1.0.0 NOTE
r-oldrel-windows-ix86+x86_64 1.1.1 22.00 113.00 135.00 OK

Check Details

Version: 1.1.1
Check: package dependencies
Result: NOTE
    Package suggested but not available for checking: 'INLA'
Flavors: r-devel-linux-x86_64-debian-clang, r-devel-linux-x86_64-debian-gcc, r-devel-windows-x86_64-new-UL, r-devel-windows-x86_64-new-TK, r-patched-linux-x86_64, r-release-linux-x86_64, r-release-macos-arm64, r-release-macos-x86_64

Version: 1.0.0
Check: package dependencies
Result: NOTE
    Package suggested but not available for checking: ‘INLA’
Flavor: r-oldrel-macos-x86_64