Last updated on 2021-02-23 23:50:45 CET.
Flavor | Version | Tinstall | Tcheck | Ttotal | Status | Flags |
---|---|---|---|---|---|---|
r-devel-linux-x86_64-debian-clang | 1.3 | 81.59 | 68.64 | 150.23 | NOTE | |
r-devel-linux-x86_64-debian-gcc | 1.3 | 51.81 | 52.88 | 104.69 | NOTE | |
r-devel-linux-x86_64-fedora-clang | 1.3 | 209.62 | NOTE | |||
r-devel-linux-x86_64-fedora-gcc | 1.3 | 199.81 | NOTE | |||
r-devel-windows-ix86+x86_64 | 1.3 | 138.00 | 95.00 | 233.00 | NOTE | |
r-patched-linux-x86_64 | 1.3 | 62.01 | 66.60 | 128.61 | NOTE | |
r-patched-solaris-x86 | 1.3 | 192.70 | NOTE | |||
r-release-linux-x86_64 | 1.3 | 59.32 | 65.03 | 124.35 | NOTE | |
r-release-macos-x86_64 | 1.3 | NOTE | ||||
r-release-windows-ix86+x86_64 | 1.3 | 189.00 | 127.00 | 316.00 | NOTE | |
r-oldrel-macos-x86_64 | 1.3 | NOTE | ||||
r-oldrel-windows-ix86+x86_64 | 1.3 | 138.00 | 125.00 | 263.00 | NOTE |
Version: 1.3
Check: for GNU extensions in Makefiles
Result: NOTE
GNU make is a SystemRequirements.
Flavors: r-devel-linux-x86_64-debian-clang, r-devel-linux-x86_64-debian-gcc, r-devel-linux-x86_64-fedora-clang, r-devel-linux-x86_64-fedora-gcc, r-devel-windows-ix86+x86_64, r-patched-linux-x86_64, r-patched-solaris-x86, r-release-linux-x86_64, r-release-macos-x86_64, r-release-windows-ix86+x86_64, r-oldrel-macos-x86_64, r-oldrel-windows-ix86+x86_64
Version: 1.3
Check: package dependencies
Result: NOTE
Packages suggested but not available for checking: 'graph', 'Rgraphviz'
Flavor: r-oldrel-macos-x86_64