CRAN Package Check Results for Package rPanglaoDB

Last updated on 2022-01-25 23:50:37 CET.

Flavor Version Tinstall Tcheck Ttotal Status Flags
r-devel-linux-x86_64-debian-clang 0.2.1 18.01 180.11 198.12 OK
r-devel-linux-x86_64-debian-gcc 0.2.1 19.63 133.49 153.12 OK
r-devel-linux-x86_64-fedora-clang 0.2.1 232.56 OK
r-devel-linux-x86_64-fedora-gcc 0.2.1 225.10 OK
r-devel-windows-x86_64-new-UL 0.2.1 46.00 196.00 242.00 OK
r-devel-windows-x86_64-new-TK 0.2.1 OK
r-patched-linux-x86_64 0.2.1 15.90 160.73 176.63 OK
r-release-linux-x86_64 0.2.1 12.93 160.79 173.72 OK
r-release-macos-arm64 0.2.1 OK
r-release-macos-x86_64 0.2.1 OK
r-release-windows-ix86+x86_64 0.2.1 47.00 188.00 235.00 OK
r-oldrel-macos-x86_64 0.2.1 OK
r-oldrel-windows-ix86+x86_64 0.2.1 6.00 8.00 14.00 ERROR

Check Details

Version: 0.2.1
Check: whether package can be installed
Result: ERROR
    Installation failed.
Flavor: r-oldrel-windows-ix86+x86_64