CRAN Package Check Results for Package rPackedBar

Last updated on 2024-06-17 00:50:10 CEST.

Flavor Version Tinstall Tcheck Ttotal Status Flags
r-devel-linux-x86_64-debian-clang 0.2.2 7.87 60.32 68.19 NOTE
r-devel-linux-x86_64-debian-gcc 0.2.2 5.70 46.16 51.86 NOTE
r-devel-linux-x86_64-fedora-clang 0.2.2 88.50 NOTE
r-devel-linux-x86_64-fedora-gcc 0.2.2 93.41 NOTE
r-devel-windows-x86_64 0.2.2 8.00 64.00 72.00 NOTE
r-patched-linux-x86_64 0.2.2 7.24 58.76 66.00 NOTE
r-release-linux-x86_64 0.2.2 4.93 57.18 62.11 NOTE
r-release-macos-arm64 0.2.2 35.00 NOTE
r-release-macos-x86_64 0.2.2 85.00 NOTE
r-release-windows-x86_64 0.2.2 7.00 68.00 75.00 NOTE
r-oldrel-macos-arm64 0.2.2 33.00 NOTE
r-oldrel-macos-x86_64 0.2.2 52.00 NOTE
r-oldrel-windows-x86_64 0.2.2 9.00 74.00 83.00 NOTE

Check Details

Version: 0.2.2
Check: LazyData
Result: NOTE 'LazyData' is specified without a 'data' directory Flavors: r-devel-linux-x86_64-debian-clang, r-devel-linux-x86_64-debian-gcc, r-devel-linux-x86_64-fedora-clang, r-devel-linux-x86_64-fedora-gcc, r-devel-windows-x86_64, r-patched-linux-x86_64, r-release-linux-x86_64, r-release-macos-arm64, r-release-macos-x86_64, r-release-windows-x86_64, r-oldrel-macos-arm64, r-oldrel-macos-x86_64, r-oldrel-windows-x86_64