CRAN Package Check Results for Package rLDCP

Last updated on 2020-04-05 23:47:43 CEST.

Flavor Version Tinstall Tcheck Ttotal Status Flags
r-devel-linux-x86_64-debian-clang 1.0.2 3.01 27.00 30.01 OK
r-devel-linux-x86_64-debian-gcc 1.0.2 0.30 2.07 2.37 ERROR
r-devel-linux-x86_64-fedora-clang 1.0.2 36.41 OK
r-devel-linux-x86_64-fedora-gcc 1.0.2 36.43 OK
r-devel-windows-ix86+x86_64 1.0.2 8.00 41.00 49.00 OK
r-devel-windows-ix86+x86_64-gcc8 1.0.2 7.00 40.00 47.00 OK
r-patched-linux-x86_64 1.0.2 2.73 26.56 29.29 OK
r-patched-solaris-x86 1.0.2 60.30 OK
r-release-linux-x86_64 1.0.2 2.28 24.50 26.78 OK
r-release-windows-ix86+x86_64 1.0.2 6.00 52.00 58.00 OK
r-release-osx-x86_64 1.0.2 OK
r-oldrel-windows-ix86+x86_64 1.0.2 6.00 40.00 46.00 OK
r-oldrel-osx-x86_64 1.0.2 OK

Check Details

Version: 1.0.2
Check: whether package can be installed
Result: ERROR
    Installation failed.
Flavor: r-devel-linux-x86_64-debian-gcc