CRAN Package Check Results for Package rKolada

Last updated on 2022-11-29 22:53:46 CET.

Flavor Version Tinstall Tcheck Ttotal Status Flags
r-devel-linux-x86_64-debian-clang 0.2.1 3.49 60.72 64.21 OK
r-devel-linux-x86_64-debian-gcc 0.2.1 3.02 47.12 50.14 OK
r-devel-linux-x86_64-fedora-clang 0.2.1 89.88 OK
r-devel-linux-x86_64-fedora-gcc 0.2.1 87.06 OK
r-devel-windows-x86_64 0.2.1 15.00 118.00 133.00 OK
r-patched-linux-x86_64 0.2.1 2.85 57.85 60.70 OK
r-release-linux-x86_64 0.2.1 2.43 37.60 40.03 ERROR
r-release-macos-arm64 0.2.1 93.00 OK
r-release-macos-x86_64 0.2.1 87.00 OK
r-release-windows-x86_64 0.2.1 17.00 110.00 127.00 OK
r-oldrel-macos-arm64 0.2.1 95.00 OK
r-oldrel-macos-x86_64 0.2.1 77.00 OK
r-oldrel-windows-ix86+x86_64 0.2.1 9.00 100.00 109.00 OK

Additional issues

noLD

Check Details

Version: 0.2.1
Check: examples
Result: ERROR
    Running examples in ‘rKolada-Ex.R’ failed
    The error most likely occurred in:
    
    > base::assign(".ptime", proc.time(), pos = "CheckExEnv")
    > ### Name: get_kpi
    > ### Title: Download metadata for a specific entity from the Kolada API
    > ### Aliases: get_kpi get_kpi_groups get_ou get_municipality
    > ### get_municipality_groups
    >
    > ### ** Examples
    >
    > # Download KPI table and store a cache copy of the results in a temporary folder
    > # (to actually download all available data, don't specify max_results)
    > kpi_df <- get_kpi(cache = TRUE, max_results = 100)
    No encoding supplied: defaulting to UTF-8.
    Error: lexical error: invalid char in json text.
     <!DOCTYPE html PUBLIC "-//W3C//
     (right here) ------^
    Execution halted
Flavor: r-release-linux-x86_64

Version: 0.2.1
Check: tests
Result: ERROR
     Running ‘testthat.R’ [2s/2s]
    Running the tests in ‘tests/testthat.R’ failed.
    Complete output:
     > library("testthat")
     > library("rKolada")
     >
     > test_check("rKolada")
     [ FAIL 1 | WARN 0 | SKIP 0 | PASS 0 ]
    
     ══ Failed tests ════════════════════════════════════════════════════════════════
     ── Error ('test_api.R:3'): (code run outside of `test_that()`) ─────────────────
     Error: lexical error: invalid char in json text.
     <!DOCTYPE html PUBLIC "-//W3C//
     (right here) ------^
    
     Backtrace:
     ▆
     1. └─rKolada::get_metadata(entity = "municipality", cache = FALSE) at test_api.R:3:0
     2. └─jsonlite::fromJSON(contents_raw)
     3. └─jsonlite:::parse_and_simplify(...)
     4. └─jsonlite:::parseJSON(txt, bigint_as_char)
     5. └─jsonlite:::parse_string(txt, bigint_as_char)
    
     [ FAIL 1 | WARN 0 | SKIP 0 | PASS 0 ]
     Error: Test failures
     Execution halted
Flavor: r-release-linux-x86_64

Version: 0.2.1
Check: re-building of vignette outputs
Result: ERROR
    Error(s) in re-building vignettes:
     ...
    --- re-building ‘a-quickstart-rkolada.Rmd’ using rmarkdown
    Quitting from lines 38-40 (a-quickstart-rkolada.Rmd)
    Error: processing vignette ‘a-quickstart-rkolada.Rmd’ failed with diagnostics:
    lexical error: invalid char in json text.
     <!DOCTYPE html PUBLIC "-//W3C//
     (right here) ------^
    
    --- failed re-building ‘a-quickstart-rkolada.Rmd’
    
    --- re-building ‘introduction-to-rkolada.Rmd’ using rmarkdown
    Quitting from lines 58-65 (introduction-to-rkolada.Rmd)
    Error: processing vignette ‘introduction-to-rkolada.Rmd’ failed with diagnostics:
    lexical error: invalid char in json text.
     <!DOCTYPE html PUBLIC "-//W3C//
     (right here) ------^
    
    --- failed re-building ‘introduction-to-rkolada.Rmd’
    
    SUMMARY: processing the following files failed:
     ‘a-quickstart-rkolada.Rmd’ ‘introduction-to-rkolada.Rmd’
    
    Error: Vignette re-building failed.
    Execution halted
Flavor: r-release-linux-x86_64