CRAN Package Check Results for Package rHealthDataGov

Last updated on 2019-07-15 00:50:48 CEST.

Flavor Version Tinstall Tcheck Ttotal Status Flags
r-devel-linux-x86_64-debian-clang 1.0.1 2.60 23.07 25.67 NOTE
r-devel-linux-x86_64-debian-gcc 1.0.1 1.97 19.21 21.18 NOTE
r-devel-linux-x86_64-fedora-clang 1.0.1 31.96 NOTE
r-devel-linux-x86_64-fedora-gcc 1.0.1 31.08 NOTE
r-devel-windows-ix86+x86_64 1.0.1 7.00 34.00 41.00 NOTE
r-patched-linux-x86_64 1.0.1 2.74 23.36 26.10 NOTE
r-patched-solaris-x86 1.0.1 54.00 NOTE
r-release-linux-x86_64 1.0.1 2.71 23.11 25.82 NOTE
r-release-windows-ix86+x86_64 1.0.1 6.00 57.00 63.00 NOTE
r-release-osx-x86_64 1.0.1 NOTE
r-oldrel-windows-ix86+x86_64 1.0.1 5.00 44.00 49.00 NOTE
r-oldrel-osx-x86_64 1.0.1 NOTE

Check Details

Version: 1.0.1
Check: R code for possible problems
Result: NOTE
    .quick_fetch: no visible global function definition for 'POST'
    .quick_fetch: no visible global function definition for 'add_headers'
    .quick_fetch: no visible global function definition for
     'stop_for_status'
    .quick_fetch: no visible global function definition for 'content'
    fetch_healthdata: no visible binding for global variable 'resources'
    fetch_healthdata : <anonymous>: no visible binding for global variable
     'filters'
    Undefined global functions or variables:
     POST add_headers content filters resources stop_for_status
Flavors: r-devel-linux-x86_64-debian-clang, r-devel-linux-x86_64-debian-gcc, r-devel-linux-x86_64-fedora-clang, r-devel-linux-x86_64-fedora-gcc, r-devel-windows-ix86+x86_64, r-patched-linux-x86_64, r-patched-solaris-x86, r-release-linux-x86_64, r-release-windows-ix86+x86_64, r-release-osx-x86_64, r-oldrel-windows-ix86+x86_64, r-oldrel-osx-x86_64